{"id":378,"date":"2026-02-09T05:00:00","date_gmt":"2026-02-09T05:00:00","guid":{"rendered":"https:\/\/vibz.dk\/gkc\/?page_id=378"},"modified":"2026-02-09T08:11:07","modified_gmt":"2026-02-09T08:11:07","slug":"marc-1993","status":"publish","type":"page","link":"https:\/\/vibz.dk\/gkc\/marc-1993\/","title":{"rendered":"MARC 1993"},"content":{"rendered":"\n<h1 class=\"wp-block-heading has-text-align-center notranslate\">MARC 1993<\/h1>\n\n\n\n<div class=\"wp-block-columns is-layout-flex wp-container-core-columns-is-layout-9d6595d7 wp-block-columns-is-layout-flex\">\n<div class=\"wp-block-column is-layout-flow wp-block-column-is-layout-flow\">\n<p class=\"notranslate\"><em><strong>MARC 1993<\/strong><\/em><\/p>\n\n\n\n<p>Sangen er et specialkomponeret psytrance\u2011track skabt til Marc i anledning af hans f\u00f8dselsdag den 9. februar. Nummeret kombinerer 145 BPM, heavy galloping bassline, tribal percussion, glitchy elektroniske synths og et melodisk, energisk omkv\u00e6d, der hylder b\u00e5de hans styrke, hans familie og hans passion for motorcykler.<\/p>\n\n\n\n<hr class=\"wp-block-separator has-alpha-channel-opacity\"\/>\n\n\n\n<div class=\"wp-block-group notranslate\"><div class=\"wp-block-group__inner-container is-layout-constrained wp-block-group-is-layout-constrained\">\n<div class=\"wp-block-group notranslate\"><div class=\"wp-block-group__inner-container is-layout-constrained wp-block-group-is-layout-constrained\">\n<div class=\"wp-block-group notranslate\"><div class=\"wp-block-group__inner-container is-layout-constrained wp-block-group-is-layout-constrained\"><div class=\"track\"><span class=\"songtitle\">MARC 1993<\/span><span class=\"songwriter\">(The G\u2011Kids Collective - JJ)<\/span><span class=\"audiobutton\"><\/span><div class=\"albumtrack\" style=\"visibility:hidden;\"><audio class=\"wp-audio-shortcode\" id=\"audio-378-1\" preload=\"metadata\" style=\"width: 100%;\" controls=\"controls\"><source type=\"audio\/mpeg\" src=\"https:\/\/jensgreiersen.direct.quickconnect.to\/wordpress\/wp-content\/uploads\/2026\/01\/MARC-1993-The-G-Kids-Collective-music.mp3?_=1\" \/><a href=\"https:\/\/jensgreiersen.direct.quickconnect.to\/wordpress\/wp-content\/uploads\/2026\/01\/MARC-1993-The-G-Kids-Collective-music.mp3\">https:\/\/jensgreiersen.direct.quickconnect.to\/wordpress\/wp-content\/uploads\/2026\/01\/MARC-1993-The-G-Kids-Collective-music.mp3<\/a><\/audio><\/div><\/div>\n\n\n\n<p><\/p>\n<\/div><\/div>\n<\/div><\/div>\n<\/div><\/div>\n\n\n\n<hr class=\"wp-block-separator has-alpha-channel-opacity\"\/>\n\n\n\n<figure class=\"wp-block-image size-large\"><img decoding=\"async\" src=\"https:\/\/jensgreiersen.direct.quickconnect.to\/wordpress\/wp-content\/uploads\/2026\/01\/MARC-1993-The-G-Kids-Collective-music-mp3-image.png\" alt=\"\"\/><\/figure>\n\n\n\n<hr class=\"wp-block-separator has-alpha-channel-opacity\"\/>\n\n\n\n<div class='bootstrap-yop yop-poll-mc'>\n\t\t\t\t\t\t\t<div class=\"basic-yop-poll-container\" style=\"background-color:#fb6911; border:0px; border-style:solid; border-color:#fb6911; border-radius:7px; padding:10px 10px;\" data-id=\"10\" data-temp=\"basic\" data-skin=\"minimal\" data-cscheme=\"black\" data-cap=\"0\" data-access=\"guest\" data-tid=\"\" data-uid=\"f18be7a0916bedd5748af96dad44c3a2\" data-pid=\"378\" data-resdet=\"percentages\" data-show-results-to=\"guest\" data-show-results-moment=\"after-vote\" data-show-results-only=\"false\" data-show-message=\"true\" data-show-results-as=\"bar\" data-sort-results-by=\"as-defined\" data-sort-results-rule=\"asc\"data-is-ended=\"0\" data-gdpr=\"no\" data-gdpr-sol=\"consent\" data-css=\".basic-yop-poll-container[data-uid] .basic-vote { text-align: center; }\" data-counter=\"0\" data-load-with=\"1\" data-notification-section=\"top\"><div class=\"row\"><div class=\"col-md-12\"><div class=\"basic-inner\"><div class=\"basic-message hide\" style=\"border-left: 10px solid #008000; padding: 0px 10px;\" data-error=\"#ff0000\" data-success=\"#008000\"><p class=\"basic-message-text\" style=\"color:#000000; font-size:14px; font-weight:normal;\"><\/p><\/div><div class=\"basic-overlay hide\"><div class=\"basic-vote-options\"><\/div><div class=\"basic-preloader\"><div class=\"basic-windows8\"><div class=\"basic-wBall basic-wBall_1\"><div class=\"basic-wInnerBall\"><\/div><\/div><div class=\"basic-wBall basic-wBall_2\"><div class=\"basic-wInnerBall\"><\/div><\/div><div class=\"basic-wBall basic-wBall_3\"><div class=\"basic-wInnerBall\"><\/div><\/div><div class=\"basic-wBall basic-wBall_4\"><div class=\"basic-wInnerBall\"><\/div><\/div><div class=\"basic-wBall basic-wBall_5\"><div class=\"basic-wInnerBall\"><\/div><\/div><\/div><\/div><\/div><form class=\"basic-form\"><input type=\"hidden\" name=\"_token\" value=\"0d6d7be6a3\" autocomplete=\"off\"><div class=\"basic-elements\"><div class=\"basic-element basic-question basic-question-text-vertical\" data-id=\"10\" data-uid=\"30ab5240fdd4ca9826a560663b595964\" data-type=\"question\" data-question-type=\"text\" data-allow-multiple=\"no\" data-min=\"1\" data-max=\"1\" data-display=\"vertical\" data-colnum=\"\" data-display-others=\"no\" data-others-color=\"\" data-others=\"\"><div role=\"heading\" aria-level=\"5\" class=\"basic-question-title\" style=\"color:#ffffff; font-size:16px; font-weight:normal; text-align:center;\">Hvordan synes du om sangen?<\/div><ul class=\"basic-answers\"><li class=\"basic-answer\" style=\"padding:0px 0px;\" data-id=\"46\" data-type=\"text\" data-vn=\"3\" data-color=\"#000000\" data-make-link=\"no\" data-link=\"\"><div class=\"basic-answer-content basic-text-vertical\"><label for=\"answer[46]\" class=\"basic-answer-label\"><input type=\"radio\" id=\"answer[46]\" name=\"answer[10]\" value=\"46\"  autocomplete=\"off\"><span class=\"basic-text\" style=\"color: #ffffff; font-size: 14px; font-weight: normal;\" tabindex=\"0\">\u266b\u266b\u266b\u266b\u266b \u2013 Jeg elsker den!<\/span><\/label><\/div><\/li><li class=\"basic-answer\" style=\"padding:0px 0px;\" data-id=\"47\" data-type=\"text\" data-vn=\"0\" data-color=\"#000000\" data-make-link=\"no\" data-link=\"\"><div class=\"basic-answer-content basic-text-vertical\"><label for=\"answer[47]\" class=\"basic-answer-label\"><input type=\"radio\" id=\"answer[47]\" name=\"answer[10]\" value=\"47\"  autocomplete=\"off\"><span class=\"basic-text\" style=\"color: #ffffff; font-size: 14px; font-weight: normal;\" tabindex=\"0\">\u266b\u266b\u266b\u266b \u2013 Den er fantastisk<\/span><\/label><\/div><\/li><li class=\"basic-answer\" style=\"padding:0px 0px;\" data-id=\"48\" data-type=\"text\" data-vn=\"0\" data-color=\"#000000\" data-make-link=\"no\" data-link=\"\"><div class=\"basic-answer-content basic-text-vertical\"><label for=\"answer[48]\" class=\"basic-answer-label\"><input type=\"radio\" id=\"answer[48]\" name=\"answer[10]\" value=\"48\"  autocomplete=\"off\"><span class=\"basic-text\" style=\"color: #ffffff; font-size: 14px; font-weight: normal;\" tabindex=\"0\">\u266b\u266b\u266b \u2013 Jeg nyder at h\u00f8re den<\/span><\/label><\/div><\/li><li class=\"basic-answer\" style=\"padding:0px 0px;\" data-id=\"49\" data-type=\"text\" data-vn=\"0\" data-color=\"#000000\" data-make-link=\"no\" data-link=\"\"><div class=\"basic-answer-content basic-text-vertical\"><label for=\"answer[49]\" class=\"basic-answer-label\"><input type=\"radio\" id=\"answer[49]\" name=\"answer[10]\" value=\"49\"  autocomplete=\"off\"><span class=\"basic-text\" style=\"color: #ffffff; font-size: 14px; font-weight: normal;\" tabindex=\"0\">\u266b\u266b \u2013 Den er rigtig god<\/span><\/label><\/div><\/li><li class=\"basic-answer\" style=\"padding:0px 0px;\" data-id=\"50\" data-type=\"text\" data-vn=\"0\" data-color=\"#000000\" data-make-link=\"no\" data-link=\"\"><div class=\"basic-answer-content basic-text-vertical\"><label for=\"answer[50]\" class=\"basic-answer-label\"><input type=\"radio\" id=\"answer[50]\" name=\"answer[10]\" value=\"50\"  autocomplete=\"off\"><span class=\"basic-text\" style=\"color: #ffffff; font-size: 14px; font-weight: normal;\" tabindex=\"0\">\u266b \u2013 Jeg kan godt lide den<\/span><\/label><\/div><\/li><\/ul><\/div><div class=\"clearfix\"><\/div><\/div><div class=\"basic-vote\"><a href=\"#\" class=\"button basic-vote-button\" role=\"button\" style=\"background:#ffffff; border:1px; border-style: solid; border-color:#000000; border-radius:0px; padding:5px 10px; color:#000000; font-size:14px; font-weight:normal;\">Stem<\/a><\/div><\/form><\/div><\/div><\/div><\/div>\n\t\t\t\t\t\t<\/div>\n\n\n\n<hr class=\"wp-block-separator has-alpha-channel-opacity\"\/>\n\n\n\n<p>Sangen fort\u00e6ller historien om Marc, f\u00f8dt i 1993 (udtales <em>nineteen ninety\u2011three<\/em>), og hans rejse fra tr\u00e6ningsk\u00e6lderen til livet som dedikeret far og \u00e6gtemand. Teksten blander rap\u2011flow, trance\u2011melodier, chanting, og et massivt drop, der rammer som et kick\u2011drum i fuld fart.<\/p>\n\n\n\n<p>Tracket er skabt som en personlig gave og en musikalsk fejring af Marc \u2014 \u201c<strong>The king of the ride<\/strong>\u201d \u2014 og den energi, han bringer til b\u00e5de familie, tr\u00e6ning og livet p\u00e5 to hjul.<\/p>\n<\/div>\n\n\n\n<div class=\"wp-block-column notranslate is-layout-flow wp-block-column-is-layout-flow\">\n<p class=\"notranslate has-small-font-size\"><strong>[Intro] <\/strong><br><em>G\u2011Kids in the basement\u2026<br>Marc\u2026 1993\u2026<br>Initiating birthday protocol\u2026 <\/em><br><em>Crank it up!<\/em><\/p>\n\n\n\n<p class=\"notranslate has-small-font-size\"><strong>[Verse 1]<\/strong><br><em>Back in 93 &#8211; a legend hit the floor<br>February ninth, yeah, they opened up the door<br>Deep inside the basement, where the iron meets the sweat<br>Pumping with the brothers, best workout you can get<br>From the heavy lifting to the pumping of the veins<br>Marc is in the zone, yeah, he\u2019s breaking all the chains!<\/em><\/p>\n\n\n\n<p class=\"notranslate has-small-font-size\"><strong>[Pre-Chorus] <\/strong><br><em>The motorcycle screams!<br>The bass is getting loud!<br>System overload approaching\u2026<br>Wait for the drop!<\/em><\/p>\n\n\n\n<p class=\"notranslate has-small-font-size\"><strong>[Chorus] <\/strong><br><em>MARC \u2013 The king of the ride!<br>MARC \u2013 With the power inside!<br>Feel the kick-drum hitting like a heart on fire<br>Higher and higher, taking it to the wire!<br>Full throttle on the bike, feel the wind, feel the heat<br>Marc\u2019s got the rhythm, Marc\u2019s got the beat!<br>From the gym to the home \u2014 that\u2019s the real power zone!<\/em><\/p>\n\n\n\n<p class=\"notranslate has-small-font-size\"><strong>[Verse 2] <\/strong><br>B<em>ut when the weights are down and the engine\u2019s turning off<br>He\u2019s a husband and a father, he\u2019s never acting tough<br>Two kids, one wife, and the cat is on the mat<br>Yeah, he\u2019s a family man, and we love him for that!<br>He\u2019s got the love at home, it\u2019s a beautiful life<br>Respect to the children, and the wonderful wife!<\/em><\/p>\n\n\n\n<p class=\"notranslate has-small-font-size\"><strong>[Chorus] <\/strong><br><em>MARC! \u2013 The king of the ride!<br>MARC! \u2013 With the power inside!<br>Feel the kick-drum hitting like a heart on fire<br>Higher and higher, taking it to the wire!<br>Raise your hands up high \u2014 let the birthday ignite!<br>Marc\u2019s got the rhythm, Marc\u2019s got the beat!<\/em><\/p>\n\n\n\n<p class=\"notranslate has-small-font-size\"><strong>[Bridge]<\/strong><br><em>Marc! Marc! Marc!<br>Re\u2011re\u2011rebooting birthday protocol\u2026<\/em><\/p>\n\n\n\n<p class=\"notranslate has-small-font-size\"><strong>[Chorus]<\/strong><br><em>\u2013 The king of the ride!<br>\u2013 With the power inside!<br>Feel the kick-drum hitting like a heart on fire<br>Higher and higher, taking it to the wire!<\/em><\/p>\n\n\n\n<p class=\"notranslate has-small-font-size\"><strong>[Outro]<\/strong><br><em>Marc.<br>\u2026system offline.<\/em><\/p>\n<\/div>\n<\/div>\n\n\n\n<hr class=\"wp-block-separator has-alpha-channel-opacity is-style-wide\"\/>\n\n\n\n<div class=\"wp-block-buttons is-content-justification-center is-layout-flex wp-container-core-buttons-is-layout-16018d1d wp-block-buttons-is-layout-flex\">\n<div class=\"wp-block-button\"><a class=\"wp-block-button__link wp-element-button\" href=\"https:\/\/vibz.dk\/gkc\/musikken-2-0\/\">Musiken<\/a><\/div>\n\n\n\n<div class=\"wp-block-button\"><a class=\"wp-block-button__link wp-element-button\" href=\"https:\/\/vibz.dk\/gkc\/\">Hjem<\/a><\/div>\n<\/div>\n\n\n\n<hr class=\"wp-block-separator has-alpha-channel-opacity is-style-wide\"\/>\n\n\n\n<p><\/p>\n","protected":false},"excerpt":{"rendered":"<p>MARC 1993 MARC 1993 Sangen er et specialkomponeret psytrance\u2011track skabt til Marc i anledning af hans f\u00f8dselsdag den 9. februar. Nummeret kombinerer 145 BPM, heavy [&#8230;]<\/p>\n","protected":false},"author":1,"featured_media":0,"parent":0,"menu_order":0,"comment_status":"closed","ping_status":"closed","template":"templates\/template-no-title.php","meta":{"footnotes":"","_links_to":"","_links_to_target":""},"class_list":["post-378","page","type-page","status-publish","hentry"],"yoast_head":"<!-- This site is optimized with the Yoast SEO plugin v27.4 - https:\/\/yoast.com\/product\/yoast-seo-wordpress\/ -->\n<title>MARC 1993 - The G-Kids Collective<\/title>\n<meta name=\"description\" content=\"The G-Kids Collective sang in honor of Marc on his birthday, with a full-on Psytrance \/ Psychedelic Trance genre.\" \/>\n<meta name=\"robots\" content=\"index, follow, max-snippet:-1, max-image-preview:large, max-video-preview:-1\" \/>\n<link rel=\"canonical\" href=\"https:\/\/vibz.dk\/gkc\/marc-1993\/\" \/>\n<meta property=\"og:locale\" content=\"da_DK\" \/>\n<meta property=\"og:type\" content=\"article\" \/>\n<meta property=\"og:title\" content=\"MARC 1993 - The G-Kids Collective\" \/>\n<meta property=\"og:description\" content=\"The G-Kids Collective sang in honor of Marc on his birthday, with a full-on Psytrance \/ Psychedelic Trance genre.\" \/>\n<meta property=\"og:url\" content=\"https:\/\/vibz.dk\/gkc\/marc-1993\/\" \/>\n<meta property=\"og:site_name\" content=\"The G-Kids Collective\" \/>\n<meta property=\"article:modified_time\" content=\"2026-02-09T08:11:07+00:00\" \/>\n<meta property=\"og:image\" content=\"https:\/\/jensgreiersen.direct.quickconnect.to\/wordpress\/wp-content\/uploads\/2026\/01\/MARC-1993-The-G-Kids-Collective-music-mp3-image.png\" \/>\n<meta name=\"twitter:card\" content=\"summary_large_image\" \/>\n<meta name=\"twitter:label1\" content=\"Estimeret l\u00e6setid\" \/>\n\t<meta name=\"twitter:data1\" content=\"3 minutter\" \/>\n<script type=\"application\/ld+json\" class=\"yoast-schema-graph\">{\"@context\":\"https:\\\/\\\/schema.org\",\"@graph\":[{\"@type\":\"WebPage\",\"@id\":\"https:\\\/\\\/vibz.dk\\\/gkc\\\/marc-1993\\\/\",\"url\":\"https:\\\/\\\/vibz.dk\\\/gkc\\\/marc-1993\\\/\",\"name\":\"MARC 1993 - The G-Kids Collective\",\"isPartOf\":{\"@id\":\"https:\\\/\\\/vibz.dk\\\/gkc\\\/#website\"},\"primaryImageOfPage\":{\"@id\":\"https:\\\/\\\/vibz.dk\\\/gkc\\\/marc-1993\\\/#primaryimage\"},\"image\":{\"@id\":\"https:\\\/\\\/vibz.dk\\\/gkc\\\/marc-1993\\\/#primaryimage\"},\"thumbnailUrl\":\"https:\\\/\\\/jensgreiersen.direct.quickconnect.to\\\/wordpress\\\/wp-content\\\/uploads\\\/2026\\\/01\\\/MARC-1993-The-G-Kids-Collective-music-mp3-image.png\",\"datePublished\":\"2026-02-09T05:00:00+00:00\",\"dateModified\":\"2026-02-09T08:11:07+00:00\",\"description\":\"The G-Kids Collective sang in honor of Marc on his birthday, with a full-on Psytrance \\\/ Psychedelic Trance genre.\",\"breadcrumb\":{\"@id\":\"https:\\\/\\\/vibz.dk\\\/gkc\\\/marc-1993\\\/#breadcrumb\"},\"inLanguage\":\"da-DK\",\"potentialAction\":[{\"@type\":\"ReadAction\",\"target\":[\"https:\\\/\\\/vibz.dk\\\/gkc\\\/marc-1993\\\/\"]}]},{\"@type\":\"ImageObject\",\"inLanguage\":\"da-DK\",\"@id\":\"https:\\\/\\\/vibz.dk\\\/gkc\\\/marc-1993\\\/#primaryimage\",\"url\":\"https:\\\/\\\/jensgreiersen.direct.quickconnect.to\\\/wordpress\\\/wp-content\\\/uploads\\\/2026\\\/01\\\/MARC-1993-The-G-Kids-Collective-music-mp3-image.png\",\"contentUrl\":\"https:\\\/\\\/jensgreiersen.direct.quickconnect.to\\\/wordpress\\\/wp-content\\\/uploads\\\/2026\\\/01\\\/MARC-1993-The-G-Kids-Collective-music-mp3-image.png\"},{\"@type\":\"BreadcrumbList\",\"@id\":\"https:\\\/\\\/vibz.dk\\\/gkc\\\/marc-1993\\\/#breadcrumb\",\"itemListElement\":[{\"@type\":\"ListItem\",\"position\":1,\"name\":\"Hjem\",\"item\":\"https:\\\/\\\/vibz.dk\\\/gkc\\\/\"},{\"@type\":\"ListItem\",\"position\":2,\"name\":\"MARC 1993\"}]},{\"@type\":\"WebSite\",\"@id\":\"https:\\\/\\\/vibz.dk\\\/gkc\\\/#website\",\"url\":\"https:\\\/\\\/vibz.dk\\\/gkc\\\/\",\"name\":\"The G-Kids Collective\",\"description\":\"The G-Kids Collective\",\"publisher\":{\"@id\":\"https:\\\/\\\/vibz.dk\\\/gkc\\\/#organization\"},\"potentialAction\":[{\"@type\":\"SearchAction\",\"target\":{\"@type\":\"EntryPoint\",\"urlTemplate\":\"https:\\\/\\\/vibz.dk\\\/gkc\\\/?s={search_term_string}\"},\"query-input\":{\"@type\":\"PropertyValueSpecification\",\"valueRequired\":true,\"valueName\":\"search_term_string\"}}],\"inLanguage\":\"da-DK\"},{\"@type\":\"Organization\",\"@id\":\"https:\\\/\\\/vibz.dk\\\/gkc\\\/#organization\",\"name\":\"The G-Kids Collective\",\"url\":\"https:\\\/\\\/vibz.dk\\\/gkc\\\/\",\"logo\":{\"@type\":\"ImageObject\",\"inLanguage\":\"da-DK\",\"@id\":\"https:\\\/\\\/vibz.dk\\\/gkc\\\/#\\\/schema\\\/logo\\\/image\\\/\",\"url\":\"https:\\\/\\\/vibz.dk\\\/gkc\\\/wp-content\\\/uploads\\\/2025\\\/12\\\/cropped-banner-GKC.jpg\",\"contentUrl\":\"https:\\\/\\\/vibz.dk\\\/gkc\\\/wp-content\\\/uploads\\\/2025\\\/12\\\/cropped-banner-GKC.jpg\",\"width\":1092,\"height\":255,\"caption\":\"The G-Kids Collective\"},\"image\":{\"@id\":\"https:\\\/\\\/vibz.dk\\\/gkc\\\/#\\\/schema\\\/logo\\\/image\\\/\"}}]}<\/script>\n<!-- \/ Yoast SEO plugin. -->","yoast_head_json":{"title":"MARC 1993 - The G-Kids Collective","description":"The G-Kids Collective sang in honor of Marc on his birthday, with a full-on Psytrance \/ Psychedelic Trance genre.","robots":{"index":"index","follow":"follow","max-snippet":"max-snippet:-1","max-image-preview":"max-image-preview:large","max-video-preview":"max-video-preview:-1"},"canonical":"https:\/\/vibz.dk\/gkc\/marc-1993\/","og_locale":"da_DK","og_type":"article","og_title":"MARC 1993 - The G-Kids Collective","og_description":"The G-Kids Collective sang in honor of Marc on his birthday, with a full-on Psytrance \/ Psychedelic Trance genre.","og_url":"https:\/\/vibz.dk\/gkc\/marc-1993\/","og_site_name":"The G-Kids Collective","article_modified_time":"2026-02-09T08:11:07+00:00","og_image":[{"url":"https:\/\/jensgreiersen.direct.quickconnect.to\/wordpress\/wp-content\/uploads\/2026\/01\/MARC-1993-The-G-Kids-Collective-music-mp3-image.png","type":"","width":"","height":""}],"twitter_card":"summary_large_image","twitter_misc":{"Estimeret l\u00e6setid":"3 minutter"},"schema":{"@context":"https:\/\/schema.org","@graph":[{"@type":"WebPage","@id":"https:\/\/vibz.dk\/gkc\/marc-1993\/","url":"https:\/\/vibz.dk\/gkc\/marc-1993\/","name":"MARC 1993 - The G-Kids Collective","isPartOf":{"@id":"https:\/\/vibz.dk\/gkc\/#website"},"primaryImageOfPage":{"@id":"https:\/\/vibz.dk\/gkc\/marc-1993\/#primaryimage"},"image":{"@id":"https:\/\/vibz.dk\/gkc\/marc-1993\/#primaryimage"},"thumbnailUrl":"https:\/\/jensgreiersen.direct.quickconnect.to\/wordpress\/wp-content\/uploads\/2026\/01\/MARC-1993-The-G-Kids-Collective-music-mp3-image.png","datePublished":"2026-02-09T05:00:00+00:00","dateModified":"2026-02-09T08:11:07+00:00","description":"The G-Kids Collective sang in honor of Marc on his birthday, with a full-on Psytrance \/ Psychedelic Trance genre.","breadcrumb":{"@id":"https:\/\/vibz.dk\/gkc\/marc-1993\/#breadcrumb"},"inLanguage":"da-DK","potentialAction":[{"@type":"ReadAction","target":["https:\/\/vibz.dk\/gkc\/marc-1993\/"]}]},{"@type":"ImageObject","inLanguage":"da-DK","@id":"https:\/\/vibz.dk\/gkc\/marc-1993\/#primaryimage","url":"https:\/\/jensgreiersen.direct.quickconnect.to\/wordpress\/wp-content\/uploads\/2026\/01\/MARC-1993-The-G-Kids-Collective-music-mp3-image.png","contentUrl":"https:\/\/jensgreiersen.direct.quickconnect.to\/wordpress\/wp-content\/uploads\/2026\/01\/MARC-1993-The-G-Kids-Collective-music-mp3-image.png"},{"@type":"BreadcrumbList","@id":"https:\/\/vibz.dk\/gkc\/marc-1993\/#breadcrumb","itemListElement":[{"@type":"ListItem","position":1,"name":"Hjem","item":"https:\/\/vibz.dk\/gkc\/"},{"@type":"ListItem","position":2,"name":"MARC 1993"}]},{"@type":"WebSite","@id":"https:\/\/vibz.dk\/gkc\/#website","url":"https:\/\/vibz.dk\/gkc\/","name":"The G-Kids Collective","description":"The G-Kids Collective","publisher":{"@id":"https:\/\/vibz.dk\/gkc\/#organization"},"potentialAction":[{"@type":"SearchAction","target":{"@type":"EntryPoint","urlTemplate":"https:\/\/vibz.dk\/gkc\/?s={search_term_string}"},"query-input":{"@type":"PropertyValueSpecification","valueRequired":true,"valueName":"search_term_string"}}],"inLanguage":"da-DK"},{"@type":"Organization","@id":"https:\/\/vibz.dk\/gkc\/#organization","name":"The G-Kids Collective","url":"https:\/\/vibz.dk\/gkc\/","logo":{"@type":"ImageObject","inLanguage":"da-DK","@id":"https:\/\/vibz.dk\/gkc\/#\/schema\/logo\/image\/","url":"https:\/\/vibz.dk\/gkc\/wp-content\/uploads\/2025\/12\/cropped-banner-GKC.jpg","contentUrl":"https:\/\/vibz.dk\/gkc\/wp-content\/uploads\/2025\/12\/cropped-banner-GKC.jpg","width":1092,"height":255,"caption":"The G-Kids Collective"},"image":{"@id":"https:\/\/vibz.dk\/gkc\/#\/schema\/logo\/image\/"}}]}},"_links":{"self":[{"href":"https:\/\/vibz.dk\/gkc\/wp-json\/wp\/v2\/pages\/378","targetHints":{"allow":["GET"]}}],"collection":[{"href":"https:\/\/vibz.dk\/gkc\/wp-json\/wp\/v2\/pages"}],"about":[{"href":"https:\/\/vibz.dk\/gkc\/wp-json\/wp\/v2\/types\/page"}],"author":[{"embeddable":true,"href":"https:\/\/vibz.dk\/gkc\/wp-json\/wp\/v2\/users\/1"}],"replies":[{"embeddable":true,"href":"https:\/\/vibz.dk\/gkc\/wp-json\/wp\/v2\/comments?post=378"}],"version-history":[{"count":7,"href":"https:\/\/vibz.dk\/gkc\/wp-json\/wp\/v2\/pages\/378\/revisions"}],"predecessor-version":[{"id":460,"href":"https:\/\/vibz.dk\/gkc\/wp-json\/wp\/v2\/pages\/378\/revisions\/460"}],"wp:attachment":[{"href":"https:\/\/vibz.dk\/gkc\/wp-json\/wp\/v2\/media?parent=378"}],"curies":[{"name":"wp","href":"https:\/\/api.w.org\/{rel}","templated":true}]}}