{"id":380,"date":"2026-02-14T05:00:00","date_gmt":"2026-02-14T05:00:00","guid":{"rendered":"https:\/\/vibz.dk\/gkc\/?page_id=380"},"modified":"2026-04-20T14:47:33","modified_gmt":"2026-04-20T14:47:33","slug":"born-on-a-valentine","status":"publish","type":"page","link":"https:\/\/vibz.dk\/gkc\/born-on-a-valentine\/","title":{"rendered":"Born on a Valentine"},"content":{"rendered":"\n<h1 class=\"wp-block-heading has-text-align-center notranslate\">Born on a Valentine<\/h1>\n\n\n\n<div class=\"wp-block-columns is-layout-flex wp-container-core-columns-is-layout-9d6595d7 wp-block-columns-is-layout-flex\">\n<div class=\"wp-block-column is-layout-flow wp-block-column-is-layout-flow\">\n<p class=\"notranslate\"><strong>Born on a Valentine af The G-Kids Collective.<\/strong><\/p>\n\n\n\n<p><strong>D<\/strong>enne sang er en alternativ pop\u2011rock hyldest til en datter, der kom til verden p\u00e5 en vinterdag og voksede op med gnist, mod og et hjerte, der altid slog i takt med det frie. Sangen f\u00f8lger hendes rejse fra barndommens nysgerrige energi til voksenlivets styrke \u2014 og videre ind i rollen som mor med sin egen lille familie.<\/p>\n\n\n\n<hr class=\"wp-block-separator has-alpha-channel-opacity\"\/>\n\n\n\n<div class=\"wp-block-group notranslate\"><div class=\"wp-block-group__inner-container is-layout-constrained wp-block-group-is-layout-constrained\">\n<div class=\"wp-block-group notranslate\"><div class=\"wp-block-group__inner-container is-layout-constrained wp-block-group-is-layout-constrained\">\n<div class=\"wp-block-group notranslate\"><div class=\"wp-block-group__inner-container is-layout-constrained wp-block-group-is-layout-constrained\">\n<div class=\"wp-block-group notranslate\"><div class=\"wp-block-group__inner-container is-layout-constrained wp-block-group-is-layout-constrained\"><div class=\"track\"><span class=\"songtitle\">Born on a Valentine<\/span><span class=\"songwriter\">(The G\u2011Kids Collective - JJ)<\/span><span class=\"audiobutton\"><\/span><div class=\"albumtrack\" style=\"visibility:hidden;\"><audio class=\"wp-audio-shortcode\" id=\"audio-380-1\" preload=\"metadata\" style=\"width: 100%;\" controls=\"controls\"><source type=\"audio\/mpeg\" src=\"https:\/\/jensgreiersen.direct.quickconnect.to\/wordpress\/wp-content\/uploads\/2026\/01\/Born-on-a-Valentine-The-G-Kids-Collective-music.mp3?_=1\" \/><a href=\"https:\/\/jensgreiersen.direct.quickconnect.to\/wordpress\/wp-content\/uploads\/2026\/01\/Born-on-a-Valentine-The-G-Kids-Collective-music.mp3\">https:\/\/jensgreiersen.direct.quickconnect.to\/wordpress\/wp-content\/uploads\/2026\/01\/Born-on-a-Valentine-The-G-Kids-Collective-music.mp3<\/a><\/audio><\/div><\/div>\n\n\n\n<p><\/p>\n<\/div><\/div>\n<\/div><\/div>\n<\/div><\/div>\n<\/div><\/div>\n\n\n\n<hr class=\"wp-block-separator has-alpha-channel-opacity\"\/>\n\n\n\n<figure class=\"wp-block-image size-large\"><img decoding=\"async\" src=\"https:\/\/jensgreiersen.direct.quickconnect.to\/wordpress\/wp-content\/uploads\/2026\/01\/Born-on-a-Valentine-Coverbillede-Y.png\" alt=\"\"\/><\/figure>\n\n\n\n<hr class=\"wp-block-separator has-alpha-channel-opacity\"\/>\n\n\n\n<div class='bootstrap-yop yop-poll-mc'>\n\t\t\t\t\t\t\t<div class=\"basic-yop-poll-container\" style=\"background-color:#fb6911; border:0px; border-style:solid; border-color:#fb6911; border-radius:7px; padding:10px 10px;\" data-id=\"11\" data-temp=\"basic\" data-skin=\"minimal\" data-cscheme=\"black\" data-cap=\"0\" data-access=\"guest\" data-tid=\"\" data-uid=\"b1e0f18e1929207478370e38e57a2a1c\" data-pid=\"380\" data-resdet=\"percentages\" data-show-results-to=\"guest\" data-show-results-moment=\"after-vote\" data-show-results-only=\"false\" data-show-message=\"true\" data-show-results-as=\"bar\" data-sort-results-by=\"as-defined\" data-sort-results-rule=\"asc\"data-is-ended=\"0\" data-gdpr=\"no\" data-gdpr-sol=\"consent\" data-css=\".basic-yop-poll-container[data-uid] .basic-vote { text-align: center; }\" data-counter=\"0\" data-load-with=\"1\" data-notification-section=\"top\"><div class=\"row\"><div class=\"col-md-12\"><div class=\"basic-inner\"><div class=\"basic-message hide\" style=\"border-left: 10px solid #008000; padding: 0px 10px;\" data-error=\"#ff0000\" data-success=\"#008000\"><p class=\"basic-message-text\" style=\"color:#000000; font-size:14px; font-weight:normal;\"><\/p><\/div><div class=\"basic-overlay hide\"><div class=\"basic-vote-options\"><\/div><div class=\"basic-preloader\"><div class=\"basic-windows8\"><div class=\"basic-wBall basic-wBall_1\"><div class=\"basic-wInnerBall\"><\/div><\/div><div class=\"basic-wBall basic-wBall_2\"><div class=\"basic-wInnerBall\"><\/div><\/div><div class=\"basic-wBall basic-wBall_3\"><div class=\"basic-wInnerBall\"><\/div><\/div><div class=\"basic-wBall basic-wBall_4\"><div class=\"basic-wInnerBall\"><\/div><\/div><div class=\"basic-wBall basic-wBall_5\"><div class=\"basic-wInnerBall\"><\/div><\/div><\/div><\/div><\/div><form class=\"basic-form\"><input type=\"hidden\" name=\"_token\" value=\"90c5176fdb\" autocomplete=\"off\"><div class=\"basic-elements\"><div class=\"basic-element basic-question basic-question-text-vertical\" data-id=\"11\" data-uid=\"70485623dfb6f3618d1522abae04c186\" data-type=\"question\" data-question-type=\"text\" data-allow-multiple=\"no\" data-min=\"1\" data-max=\"1\" data-display=\"vertical\" data-colnum=\"\" data-display-others=\"no\" data-others-color=\"\" data-others=\"\"><div role=\"heading\" aria-level=\"5\" class=\"basic-question-title\" style=\"color:#ffffff; font-size:16px; font-weight:normal; text-align:center;\">Hvordan synes du om sangen?<\/div><ul class=\"basic-answers\"><li class=\"basic-answer\" style=\"padding:0px 0px;\" data-id=\"51\" data-type=\"text\" data-vn=\"1\" data-color=\"#000000\" data-make-link=\"no\" data-link=\"\"><div class=\"basic-answer-content basic-text-vertical\"><label for=\"answer[51]\" class=\"basic-answer-label\"><input type=\"radio\" id=\"answer[51]\" name=\"answer[11]\" value=\"51\"  autocomplete=\"off\"><span class=\"basic-text\" style=\"color: #ffffff; font-size: 14px; font-weight: normal;\" tabindex=\"0\">\u266b\u266b\u266b\u266b\u266b \u2013 Jeg elsker den!<\/span><\/label><\/div><\/li><li class=\"basic-answer\" style=\"padding:0px 0px;\" data-id=\"52\" data-type=\"text\" data-vn=\"0\" data-color=\"#000000\" data-make-link=\"no\" data-link=\"\"><div class=\"basic-answer-content basic-text-vertical\"><label for=\"answer[52]\" class=\"basic-answer-label\"><input type=\"radio\" id=\"answer[52]\" name=\"answer[11]\" value=\"52\"  autocomplete=\"off\"><span class=\"basic-text\" style=\"color: #ffffff; font-size: 14px; font-weight: normal;\" tabindex=\"0\">\u266b\u266b\u266b\u266b \u2013 Den er fantastisk<\/span><\/label><\/div><\/li><li class=\"basic-answer\" style=\"padding:0px 0px;\" data-id=\"53\" data-type=\"text\" data-vn=\"0\" data-color=\"#000000\" data-make-link=\"no\" data-link=\"\"><div class=\"basic-answer-content basic-text-vertical\"><label for=\"answer[53]\" class=\"basic-answer-label\"><input type=\"radio\" id=\"answer[53]\" name=\"answer[11]\" value=\"53\"  autocomplete=\"off\"><span class=\"basic-text\" style=\"color: #ffffff; font-size: 14px; font-weight: normal;\" tabindex=\"0\">\u266b\u266b\u266b \u2013 Jeg nyder at h\u00f8re den<\/span><\/label><\/div><\/li><li class=\"basic-answer\" style=\"padding:0px 0px;\" data-id=\"54\" data-type=\"text\" data-vn=\"0\" data-color=\"#000000\" data-make-link=\"no\" data-link=\"\"><div class=\"basic-answer-content basic-text-vertical\"><label for=\"answer[54]\" class=\"basic-answer-label\"><input type=\"radio\" id=\"answer[54]\" name=\"answer[11]\" value=\"54\"  autocomplete=\"off\"><span class=\"basic-text\" style=\"color: #ffffff; font-size: 14px; font-weight: normal;\" tabindex=\"0\">\u266b\u266b \u2013 Den er rigtig god<\/span><\/label><\/div><\/li><li class=\"basic-answer\" style=\"padding:0px 0px;\" data-id=\"55\" data-type=\"text\" data-vn=\"0\" data-color=\"#000000\" data-make-link=\"no\" data-link=\"\"><div class=\"basic-answer-content basic-text-vertical\"><label for=\"answer[55]\" class=\"basic-answer-label\"><input type=\"radio\" id=\"answer[55]\" name=\"answer[11]\" value=\"55\"  autocomplete=\"off\"><span class=\"basic-text\" style=\"color: #ffffff; font-size: 14px; font-weight: normal;\" tabindex=\"0\">\u266b \u2013 Jeg kan godt lide den<\/span><\/label><\/div><\/li><\/ul><\/div><div class=\"clearfix\"><\/div><\/div><div class=\"basic-vote\"><a href=\"#\" class=\"button basic-vote-button\" role=\"button\" style=\"background:#ffffff; border:1px; border-style: solid; border-color:#000000; border-radius:0px; padding:5px 10px; color:#000000; font-size:14px; font-weight:normal;\">Stem<\/a><\/div><\/form><\/div><\/div><\/div><\/div>\n\t\t\t\t\t\t<\/div>\n\n\n\n<hr class=\"wp-block-separator has-alpha-channel-opacity\"\/>\n\n\n\n<figure class=\"wp-block-embed is-type-video is-provider-youtube wp-block-embed-youtube wp-embed-aspect-16-9 wp-has-aspect-ratio\"><div class=\"wp-block-embed__wrapper\">\n<iframe loading=\"lazy\" title=\"Born on a Valentine   The G Kids Collective   video\" width=\"800\" height=\"450\" src=\"https:\/\/www.youtube.com\/embed\/13WDVlCWfMc?feature=oembed\" frameborder=\"0\" allow=\"accelerometer; autoplay; clipboard-write; encrypted-media; gyroscope; picture-in-picture; web-share\" referrerpolicy=\"strict-origin-when-cross-origin\" allowfullscreen><\/iframe>\n<\/div><\/figure>\n<\/div>\n\n\n\n<div class=\"wp-block-column is-layout-flow wp-block-column-is-layout-flow\" id=\"notranslate\">\n<p class=\"notranslate has-small-font-size\"><strong>Verse 1 <\/strong><br><em>You came into the world on a winter day, <br>a little spark in February\u2019s cold. <br>You grew with laughter lighting every hallway, <br>a restless heart, a story yet untold. <br>And every turn that life would send your way, <br>you faced it strong, you found your place to stand. <br>You became the woman standing here today, <br>and I\u2019m proud to hold your journey in my hands. <\/em><\/p>\n\n\n\n<p class=\"notranslate has-small-font-size\"><strong>Chorus <\/strong><br><em>Born on a Valentine, made of fire and shine, <br>a heart that beats in rhythm with the wild and free. <br>Born on a Valentine, brighter by design, <br>the world became a bigger place with you in it. <\/em><\/p>\n\n\n\n<p class=\"notranslate has-small-font-size\"><strong>Verse 2  <\/strong><br><em>You said \u201cgoodnight,\u201d but the window was open, <br>the city calling like a dare in the dark. <br>You were the kid who always kept us guessing, <br>a spark in sneakers, leaving your mark. <br>No rule could hold you, you were pure ignition, <br>a grin that said you\u2019d already planned your move. <br>And though you gave me grey hairs by the dozen, <br>you were my girl \u2014 and every bit of you was true. <\/em><\/p>\n\n\n\n<p class=\"notranslate has-small-font-size\"><strong>Chorus <\/strong><br><em>Born on a Valentine, made of fire and shine, <br>a heart that beats in rhythm with the wild and free. <br>Born on a Valentine, brighter by design, <br>the world became a bigger place with you in it. <\/em><\/p>\n\n\n\n<p class=\"notranslate has-small-font-size\"><strong>Bridge <\/strong><br><em>Now you stand with your own little tribe, <br>love in your hands and strength in your stride. <br>And I see you, just as you\u2019ve always been: <br>my Valentine child, my February light. <\/em><\/p>\n\n\n\n<p class=\"notranslate has-small-font-size\"><strong>Chorus <\/strong><br><em>Born on a Valentine, made of fire and shine, <br>a heart that beats in rhythm with the wild and free. <br>Born on a Valentine, brighter by design, <br>the world became a bigger place with you in it.<\/em><\/p>\n<\/div>\n<\/div>\n\n\n\n<hr class=\"wp-block-separator has-alpha-channel-opacity is-style-wide\"\/>\n\n\n\n<div class=\"wp-block-buttons is-content-justification-center is-layout-flex wp-container-core-buttons-is-layout-16018d1d wp-block-buttons-is-layout-flex\">\n<div class=\"wp-block-button\"><a class=\"wp-block-button__link wp-element-button\" href=\"https:\/\/vibz.dk\/gkc\/musikken-2-0\/\">Musiken<\/a><\/div>\n\n\n\n<div class=\"wp-block-button\"><a class=\"wp-block-button__link wp-element-button\" href=\"https:\/\/vibz.dk\/gkc\/\">Hjem<\/a><\/div>\n<\/div>\n\n\n\n<hr class=\"wp-block-separator has-alpha-channel-opacity is-style-wide\"\/>\n\n\n\n<p><\/p>\n","protected":false},"excerpt":{"rendered":"<p>Born on a Valentine Born on a Valentine af The G-Kids Collective. Denne sang er en alternativ pop\u2011rock hyldest til en datter, der kom til [&#8230;]<\/p>\n","protected":false},"author":1,"featured_media":0,"parent":0,"menu_order":0,"comment_status":"closed","ping_status":"closed","template":"templates\/template-no-title.php","meta":{"footnotes":"","_links_to":"","_links_to_target":""},"class_list":["post-380","page","type-page","status-publish","hentry"],"yoast_head":"<!-- This site is optimized with the Yoast SEO plugin v27.4 - https:\/\/yoast.com\/product\/yoast-seo-wordpress\/ -->\n<title>Born on a Valentine - The G-Kids Collective<\/title>\n<meta name=\"description\" content=\"En alternativ pop\u2011rock hyldestsang skrevet til en datter f\u00f8dt p\u00e5 Valentinsdag. R\u00e5 vokal, glitch\u2011pause, intens energi og en personlig fort\u00e6lling om gnist, mod og k\u00e6rlighed.\" \/>\n<meta name=\"robots\" content=\"index, follow, max-snippet:-1, max-image-preview:large, max-video-preview:-1\" \/>\n<link rel=\"canonical\" href=\"https:\/\/vibz.dk\/gkc\/born-on-a-valentine\/\" \/>\n<meta property=\"og:locale\" content=\"da_DK\" \/>\n<meta property=\"og:type\" content=\"article\" \/>\n<meta property=\"og:title\" content=\"Born on a Valentine - The G-Kids Collective\" \/>\n<meta property=\"og:description\" content=\"En alternativ pop\u2011rock hyldestsang skrevet til en datter f\u00f8dt p\u00e5 Valentinsdag. R\u00e5 vokal, glitch\u2011pause, intens energi og en personlig fort\u00e6lling om gnist, mod og k\u00e6rlighed.\" \/>\n<meta property=\"og:url\" content=\"https:\/\/vibz.dk\/gkc\/born-on-a-valentine\/\" \/>\n<meta property=\"og:site_name\" content=\"The G-Kids Collective\" \/>\n<meta property=\"article:modified_time\" content=\"2026-04-20T14:47:33+00:00\" \/>\n<meta property=\"og:image\" content=\"https:\/\/jensgreiersen.direct.quickconnect.to\/wordpress\/wp-content\/uploads\/2026\/01\/Born-on-a-Valentine-Coverbillede-Y.png\" \/>\n<meta name=\"twitter:card\" content=\"summary_large_image\" \/>\n<meta name=\"twitter:label1\" content=\"Estimeret l\u00e6setid\" \/>\n\t<meta name=\"twitter:data1\" content=\"3 minutter\" \/>\n<script type=\"application\/ld+json\" class=\"yoast-schema-graph\">{\"@context\":\"https:\\\/\\\/schema.org\",\"@graph\":[{\"@type\":\"WebPage\",\"@id\":\"https:\\\/\\\/vibz.dk\\\/gkc\\\/born-on-a-valentine\\\/\",\"url\":\"https:\\\/\\\/vibz.dk\\\/gkc\\\/born-on-a-valentine\\\/\",\"name\":\"Born on a Valentine - The G-Kids Collective\",\"isPartOf\":{\"@id\":\"https:\\\/\\\/vibz.dk\\\/gkc\\\/#website\"},\"primaryImageOfPage\":{\"@id\":\"https:\\\/\\\/vibz.dk\\\/gkc\\\/born-on-a-valentine\\\/#primaryimage\"},\"image\":{\"@id\":\"https:\\\/\\\/vibz.dk\\\/gkc\\\/born-on-a-valentine\\\/#primaryimage\"},\"thumbnailUrl\":\"https:\\\/\\\/jensgreiersen.direct.quickconnect.to\\\/wordpress\\\/wp-content\\\/uploads\\\/2026\\\/01\\\/Born-on-a-Valentine-Coverbillede-Y.png\",\"datePublished\":\"2026-02-14T05:00:00+00:00\",\"dateModified\":\"2026-04-20T14:47:33+00:00\",\"description\":\"En alternativ pop\u2011rock hyldestsang skrevet til en datter f\u00f8dt p\u00e5 Valentinsdag. R\u00e5 vokal, glitch\u2011pause, intens energi og en personlig fort\u00e6lling om gnist, mod og k\u00e6rlighed.\",\"breadcrumb\":{\"@id\":\"https:\\\/\\\/vibz.dk\\\/gkc\\\/born-on-a-valentine\\\/#breadcrumb\"},\"inLanguage\":\"da-DK\",\"potentialAction\":[{\"@type\":\"ReadAction\",\"target\":[\"https:\\\/\\\/vibz.dk\\\/gkc\\\/born-on-a-valentine\\\/\"]}]},{\"@type\":\"ImageObject\",\"inLanguage\":\"da-DK\",\"@id\":\"https:\\\/\\\/vibz.dk\\\/gkc\\\/born-on-a-valentine\\\/#primaryimage\",\"url\":\"https:\\\/\\\/jensgreiersen.direct.quickconnect.to\\\/wordpress\\\/wp-content\\\/uploads\\\/2026\\\/01\\\/Born-on-a-Valentine-Coverbillede-Y.png\",\"contentUrl\":\"https:\\\/\\\/jensgreiersen.direct.quickconnect.to\\\/wordpress\\\/wp-content\\\/uploads\\\/2026\\\/01\\\/Born-on-a-Valentine-Coverbillede-Y.png\"},{\"@type\":\"BreadcrumbList\",\"@id\":\"https:\\\/\\\/vibz.dk\\\/gkc\\\/born-on-a-valentine\\\/#breadcrumb\",\"itemListElement\":[{\"@type\":\"ListItem\",\"position\":1,\"name\":\"Hjem\",\"item\":\"https:\\\/\\\/vibz.dk\\\/gkc\\\/\"},{\"@type\":\"ListItem\",\"position\":2,\"name\":\"Born on a Valentine\"}]},{\"@type\":\"WebSite\",\"@id\":\"https:\\\/\\\/vibz.dk\\\/gkc\\\/#website\",\"url\":\"https:\\\/\\\/vibz.dk\\\/gkc\\\/\",\"name\":\"The G-Kids Collective\",\"description\":\"The G-Kids Collective\",\"publisher\":{\"@id\":\"https:\\\/\\\/vibz.dk\\\/gkc\\\/#organization\"},\"potentialAction\":[{\"@type\":\"SearchAction\",\"target\":{\"@type\":\"EntryPoint\",\"urlTemplate\":\"https:\\\/\\\/vibz.dk\\\/gkc\\\/?s={search_term_string}\"},\"query-input\":{\"@type\":\"PropertyValueSpecification\",\"valueRequired\":true,\"valueName\":\"search_term_string\"}}],\"inLanguage\":\"da-DK\"},{\"@type\":\"Organization\",\"@id\":\"https:\\\/\\\/vibz.dk\\\/gkc\\\/#organization\",\"name\":\"The G-Kids Collective\",\"url\":\"https:\\\/\\\/vibz.dk\\\/gkc\\\/\",\"logo\":{\"@type\":\"ImageObject\",\"inLanguage\":\"da-DK\",\"@id\":\"https:\\\/\\\/vibz.dk\\\/gkc\\\/#\\\/schema\\\/logo\\\/image\\\/\",\"url\":\"https:\\\/\\\/vibz.dk\\\/gkc\\\/wp-content\\\/uploads\\\/2025\\\/12\\\/cropped-banner-GKC.jpg\",\"contentUrl\":\"https:\\\/\\\/vibz.dk\\\/gkc\\\/wp-content\\\/uploads\\\/2025\\\/12\\\/cropped-banner-GKC.jpg\",\"width\":1092,\"height\":255,\"caption\":\"The G-Kids Collective\"},\"image\":{\"@id\":\"https:\\\/\\\/vibz.dk\\\/gkc\\\/#\\\/schema\\\/logo\\\/image\\\/\"}}]}<\/script>\n<!-- \/ Yoast SEO plugin. -->","yoast_head_json":{"title":"Born on a Valentine - The G-Kids Collective","description":"En alternativ pop\u2011rock hyldestsang skrevet til en datter f\u00f8dt p\u00e5 Valentinsdag. R\u00e5 vokal, glitch\u2011pause, intens energi og en personlig fort\u00e6lling om gnist, mod og k\u00e6rlighed.","robots":{"index":"index","follow":"follow","max-snippet":"max-snippet:-1","max-image-preview":"max-image-preview:large","max-video-preview":"max-video-preview:-1"},"canonical":"https:\/\/vibz.dk\/gkc\/born-on-a-valentine\/","og_locale":"da_DK","og_type":"article","og_title":"Born on a Valentine - The G-Kids Collective","og_description":"En alternativ pop\u2011rock hyldestsang skrevet til en datter f\u00f8dt p\u00e5 Valentinsdag. R\u00e5 vokal, glitch\u2011pause, intens energi og en personlig fort\u00e6lling om gnist, mod og k\u00e6rlighed.","og_url":"https:\/\/vibz.dk\/gkc\/born-on-a-valentine\/","og_site_name":"The G-Kids Collective","article_modified_time":"2026-04-20T14:47:33+00:00","og_image":[{"url":"https:\/\/jensgreiersen.direct.quickconnect.to\/wordpress\/wp-content\/uploads\/2026\/01\/Born-on-a-Valentine-Coverbillede-Y.png","type":"","width":"","height":""}],"twitter_card":"summary_large_image","twitter_misc":{"Estimeret l\u00e6setid":"3 minutter"},"schema":{"@context":"https:\/\/schema.org","@graph":[{"@type":"WebPage","@id":"https:\/\/vibz.dk\/gkc\/born-on-a-valentine\/","url":"https:\/\/vibz.dk\/gkc\/born-on-a-valentine\/","name":"Born on a Valentine - The G-Kids Collective","isPartOf":{"@id":"https:\/\/vibz.dk\/gkc\/#website"},"primaryImageOfPage":{"@id":"https:\/\/vibz.dk\/gkc\/born-on-a-valentine\/#primaryimage"},"image":{"@id":"https:\/\/vibz.dk\/gkc\/born-on-a-valentine\/#primaryimage"},"thumbnailUrl":"https:\/\/jensgreiersen.direct.quickconnect.to\/wordpress\/wp-content\/uploads\/2026\/01\/Born-on-a-Valentine-Coverbillede-Y.png","datePublished":"2026-02-14T05:00:00+00:00","dateModified":"2026-04-20T14:47:33+00:00","description":"En alternativ pop\u2011rock hyldestsang skrevet til en datter f\u00f8dt p\u00e5 Valentinsdag. R\u00e5 vokal, glitch\u2011pause, intens energi og en personlig fort\u00e6lling om gnist, mod og k\u00e6rlighed.","breadcrumb":{"@id":"https:\/\/vibz.dk\/gkc\/born-on-a-valentine\/#breadcrumb"},"inLanguage":"da-DK","potentialAction":[{"@type":"ReadAction","target":["https:\/\/vibz.dk\/gkc\/born-on-a-valentine\/"]}]},{"@type":"ImageObject","inLanguage":"da-DK","@id":"https:\/\/vibz.dk\/gkc\/born-on-a-valentine\/#primaryimage","url":"https:\/\/jensgreiersen.direct.quickconnect.to\/wordpress\/wp-content\/uploads\/2026\/01\/Born-on-a-Valentine-Coverbillede-Y.png","contentUrl":"https:\/\/jensgreiersen.direct.quickconnect.to\/wordpress\/wp-content\/uploads\/2026\/01\/Born-on-a-Valentine-Coverbillede-Y.png"},{"@type":"BreadcrumbList","@id":"https:\/\/vibz.dk\/gkc\/born-on-a-valentine\/#breadcrumb","itemListElement":[{"@type":"ListItem","position":1,"name":"Hjem","item":"https:\/\/vibz.dk\/gkc\/"},{"@type":"ListItem","position":2,"name":"Born on a Valentine"}]},{"@type":"WebSite","@id":"https:\/\/vibz.dk\/gkc\/#website","url":"https:\/\/vibz.dk\/gkc\/","name":"The G-Kids Collective","description":"The G-Kids Collective","publisher":{"@id":"https:\/\/vibz.dk\/gkc\/#organization"},"potentialAction":[{"@type":"SearchAction","target":{"@type":"EntryPoint","urlTemplate":"https:\/\/vibz.dk\/gkc\/?s={search_term_string}"},"query-input":{"@type":"PropertyValueSpecification","valueRequired":true,"valueName":"search_term_string"}}],"inLanguage":"da-DK"},{"@type":"Organization","@id":"https:\/\/vibz.dk\/gkc\/#organization","name":"The G-Kids Collective","url":"https:\/\/vibz.dk\/gkc\/","logo":{"@type":"ImageObject","inLanguage":"da-DK","@id":"https:\/\/vibz.dk\/gkc\/#\/schema\/logo\/image\/","url":"https:\/\/vibz.dk\/gkc\/wp-content\/uploads\/2025\/12\/cropped-banner-GKC.jpg","contentUrl":"https:\/\/vibz.dk\/gkc\/wp-content\/uploads\/2025\/12\/cropped-banner-GKC.jpg","width":1092,"height":255,"caption":"The G-Kids Collective"},"image":{"@id":"https:\/\/vibz.dk\/gkc\/#\/schema\/logo\/image\/"}}]}},"_links":{"self":[{"href":"https:\/\/vibz.dk\/gkc\/wp-json\/wp\/v2\/pages\/380","targetHints":{"allow":["GET"]}}],"collection":[{"href":"https:\/\/vibz.dk\/gkc\/wp-json\/wp\/v2\/pages"}],"about":[{"href":"https:\/\/vibz.dk\/gkc\/wp-json\/wp\/v2\/types\/page"}],"author":[{"embeddable":true,"href":"https:\/\/vibz.dk\/gkc\/wp-json\/wp\/v2\/users\/1"}],"replies":[{"embeddable":true,"href":"https:\/\/vibz.dk\/gkc\/wp-json\/wp\/v2\/comments?post=380"}],"version-history":[{"count":8,"href":"https:\/\/vibz.dk\/gkc\/wp-json\/wp\/v2\/pages\/380\/revisions"}],"predecessor-version":[{"id":786,"href":"https:\/\/vibz.dk\/gkc\/wp-json\/wp\/v2\/pages\/380\/revisions\/786"}],"wp:attachment":[{"href":"https:\/\/vibz.dk\/gkc\/wp-json\/wp\/v2\/media?parent=380"}],"curies":[{"name":"wp","href":"https:\/\/api.w.org\/{rel}","templated":true}]}}