{"id":560,"date":"2026-02-12T15:08:21","date_gmt":"2026-02-12T15:08:21","guid":{"rendered":"https:\/\/vibz.dk\/gkc\/?page_id=560"},"modified":"2026-03-21T17:45:48","modified_gmt":"2026-03-21T17:45:48","slug":"slik-slik-slik","status":"publish","type":"page","link":"https:\/\/vibz.dk\/gkc\/slik-slik-slik\/","title":{"rendered":"Slik Slik Slik"},"content":{"rendered":"\n<h1 class=\"wp-block-heading has-text-align-center notranslate\">Slik, Slik, Slik.<\/h1>\n\n\n\n<div class=\"wp-block-columns is-layout-flex wp-container-core-columns-is-layout-9d6595d7 wp-block-columns-is-layout-flex\">\n<div class=\"wp-block-column is-layout-flow wp-block-column-is-layout-flow\">\n<p class=\"notranslate\"><strong>\u201cSlik, Slik, Slik\u201d<\/strong> er en glad og energisk fastelavnssang for b\u00f8rn. Sangen handler om sp\u00e6ndingen ved t\u00f8ndeslagning, f\u00e6llesskab og den festlige stemning omkring fastelavn. Den er skrevet til b\u00f8rnehaver, skoler, SFO\u2019er og familier, der \u00f8nsker en moderne og sjov sang, som b\u00f8rn hurtigt kan synge med p\u00e5. Musikken er enkel, rytmisk og fyldt med fastelavnsstemning, s\u00e5 den passer perfekt til b\u00e5de leg, fest og aktiviteter. Lyt til sangen, brug den til jeres fastelavn \u2013 og del gerne jeres oplevelser med os.<\/p>\n\n\n\n<div class=\"wp-block-group notranslate\"><div class=\"wp-block-group__inner-container is-layout-constrained wp-block-group-is-layout-constrained\"><div class=\"track\"><span class=\"songtitle\">Slik, Slik, Slik.<\/span><span class=\"songwriter\">(The G-Kids Cillective - JJ)<\/span><span class=\"audiobutton\"><\/span><div class=\"albumtrack\" style=\"visibility:hidden;\"><audio class=\"wp-audio-shortcode\" id=\"audio-560-1\" preload=\"metadata\" style=\"width: 100%;\" controls=\"controls\"><source type=\"audio\/mpeg\" src=\"https:\/\/jensgreiersen.direct.quickconnect.to\/wordpress\/wp-content\/uploads\/2026\/02\/Slik-Slik-Slik.mp3?_=1\" \/><a href=\"https:\/\/jensgreiersen.direct.quickconnect.to\/wordpress\/wp-content\/uploads\/2026\/02\/Slik-Slik-Slik.mp3\">https:\/\/jensgreiersen.direct.quickconnect.to\/wordpress\/wp-content\/uploads\/2026\/02\/Slik-Slik-Slik.mp3<\/a><\/audio><\/div><\/div>\n\n\n\n<p><\/p>\n<\/div><\/div>\n\n\n\n<figure class=\"wp-block-image size-large\"><img decoding=\"async\" src=\"https:\/\/jensgreiersen.direct.quickconnect.to\/wordpress\/wp-content\/uploads\/2026\/02\/Slik_slik_slik-coverbillede.jpg\" alt=\"\"\/><\/figure>\n\n\n\n<div class=\"wp-block-group notranslate\"><div class=\"wp-block-group__inner-container is-layout-constrained wp-block-group-is-layout-constrained\"><div class='bootstrap-yop yop-poll-mc'>\n\t\t\t\t\t\t\t<div class=\"basic-yop-poll-container\" style=\"background-color:#fb6911; border:0px; border-style:solid; border-color:#fb6911; border-radius:7px; padding:10px 10px;\" data-id=\"15\" data-temp=\"basic\" data-skin=\"minimal\" data-cscheme=\"black\" data-cap=\"0\" data-access=\"guest\" data-tid=\"\" data-uid=\"152a4db3be7b2bd8206b78c8dffebed7\" data-pid=\"560\" data-resdet=\"percentages\" data-show-results-to=\"guest\" data-show-results-moment=\"after-vote\" data-show-results-only=\"false\" data-show-message=\"true\" data-show-results-as=\"bar\" data-sort-results-by=\"as-defined\" data-sort-results-rule=\"asc\"data-is-ended=\"0\" data-gdpr=\"no\" data-gdpr-sol=\"consent\" data-css=\".basic-yop-poll-container[data-uid] .basic-vote { text-align: center; }\" data-counter=\"0\" data-load-with=\"1\" data-notification-section=\"top\"><div class=\"row\"><div class=\"col-md-12\"><div class=\"basic-inner\"><div class=\"basic-message hide\" style=\"border-left: 10px solid #008000; padding: 0px 10px;\" data-error=\"#ff0000\" data-success=\"#008000\"><p class=\"basic-message-text\" style=\"color:#000000; font-size:14px; font-weight:normal;\"><\/p><\/div><div class=\"basic-overlay hide\"><div class=\"basic-vote-options\"><\/div><div class=\"basic-preloader\"><div class=\"basic-windows8\"><div class=\"basic-wBall basic-wBall_1\"><div class=\"basic-wInnerBall\"><\/div><\/div><div class=\"basic-wBall basic-wBall_2\"><div class=\"basic-wInnerBall\"><\/div><\/div><div class=\"basic-wBall basic-wBall_3\"><div class=\"basic-wInnerBall\"><\/div><\/div><div class=\"basic-wBall basic-wBall_4\"><div class=\"basic-wInnerBall\"><\/div><\/div><div class=\"basic-wBall basic-wBall_5\"><div class=\"basic-wInnerBall\"><\/div><\/div><\/div><\/div><\/div><form class=\"basic-form\"><input type=\"hidden\" name=\"_token\" value=\"7386c7de5f\" autocomplete=\"off\"><div class=\"basic-elements\"><div class=\"basic-element basic-question basic-question-text-vertical\" data-id=\"15\" data-uid=\"54a1333a09ffab472e8aec3e452d3c74\" data-type=\"question\" data-question-type=\"text\" data-allow-multiple=\"no\" data-min=\"1\" data-max=\"1\" data-display=\"vertical\" data-colnum=\"\" data-display-others=\"no\" data-others-color=\"\" data-others=\"\"><div role=\"heading\" aria-level=\"5\" class=\"basic-question-title\" style=\"color:#ffffff; font-size:16px; font-weight:normal; text-align:center;\">Hvad synes du om sangen?<\/div><ul class=\"basic-answers\"><li class=\"basic-answer\" style=\"padding:0px 0px;\" data-id=\"71\" data-type=\"text\" data-vn=\"6\" data-color=\"#000000\" data-make-link=\"no\" data-link=\"\"><div class=\"basic-answer-content basic-text-vertical\"><label for=\"answer[71]\" class=\"basic-answer-label\"><input type=\"radio\" id=\"answer[71]\" name=\"answer[15]\" value=\"71\"  autocomplete=\"off\"><span class=\"basic-text\" style=\"color: #ffffff; font-size: 14px; font-weight: normal;\" tabindex=\"0\">\u266b\u266b\u266b\u266b\u266b \u2013 Jeg elsker den!<\/span><\/label><\/div><\/li><li class=\"basic-answer\" style=\"padding:0px 0px;\" data-id=\"72\" data-type=\"text\" data-vn=\"0\" data-color=\"#000000\" data-make-link=\"no\" data-link=\"\"><div class=\"basic-answer-content basic-text-vertical\"><label for=\"answer[72]\" class=\"basic-answer-label\"><input type=\"radio\" id=\"answer[72]\" name=\"answer[15]\" value=\"72\"  autocomplete=\"off\"><span class=\"basic-text\" style=\"color: #ffffff; font-size: 14px; font-weight: normal;\" tabindex=\"0\">\u266b\u266b\u266b\u266b \u2013 Den er fantastisk.<\/span><\/label><\/div><\/li><li class=\"basic-answer\" style=\"padding:0px 0px;\" data-id=\"73\" data-type=\"text\" data-vn=\"0\" data-color=\"#000000\" data-make-link=\"no\" data-link=\"\"><div class=\"basic-answer-content basic-text-vertical\"><label for=\"answer[73]\" class=\"basic-answer-label\"><input type=\"radio\" id=\"answer[73]\" name=\"answer[15]\" value=\"73\"  autocomplete=\"off\"><span class=\"basic-text\" style=\"color: #ffffff; font-size: 14px; font-weight: normal;\" tabindex=\"0\">\u266b\u266b\u266b \u2013 Jeg nyder at h\u00f8re den.<\/span><\/label><\/div><\/li><li class=\"basic-answer\" style=\"padding:0px 0px;\" data-id=\"74\" data-type=\"text\" data-vn=\"0\" data-color=\"#000000\" data-make-link=\"no\" data-link=\"\"><div class=\"basic-answer-content basic-text-vertical\"><label for=\"answer[74]\" class=\"basic-answer-label\"><input type=\"radio\" id=\"answer[74]\" name=\"answer[15]\" value=\"74\"  autocomplete=\"off\"><span class=\"basic-text\" style=\"color: #ffffff; font-size: 14px; font-weight: normal;\" tabindex=\"0\">\u266b\u266b \u2013 Den er virkelig god.<\/span><\/label><\/div><\/li><li class=\"basic-answer\" style=\"padding:0px 0px;\" data-id=\"75\" data-type=\"text\" data-vn=\"0\" data-color=\"#000000\" data-make-link=\"no\" data-link=\"\"><div class=\"basic-answer-content basic-text-vertical\"><label for=\"answer[75]\" class=\"basic-answer-label\"><input type=\"radio\" id=\"answer[75]\" name=\"answer[15]\" value=\"75\"  autocomplete=\"off\"><span class=\"basic-text\" style=\"color: #ffffff; font-size: 14px; font-weight: normal;\" tabindex=\"0\">\u266b \u2013 Jeg kan godt lide den.<\/span><\/label><\/div><\/li><\/ul><\/div><div class=\"clearfix\"><\/div><\/div><div class=\"basic-vote\"><a href=\"#\" class=\"button basic-vote-button\" role=\"button\" style=\"background:#ffffff; border:1px; border-style: solid; border-color:#000000; border-radius:0px; padding:5px 10px; color:#000000; font-size:14px; font-weight:normal;\">Stem<\/a><\/div><\/form><\/div><\/div><\/div><\/div>\n\t\t\t\t\t\t<\/div>\n\n\n\n<figure class=\"wp-block-embed is-type-video is-provider-youtube wp-block-embed-youtube wp-embed-aspect-16-9 wp-has-aspect-ratio\"><div class=\"wp-block-embed__wrapper\">\n<iframe loading=\"lazy\" title=\"Hey! din f\u00f8dselsdag   The G Kids Collective   video\" width=\"800\" height=\"450\" src=\"https:\/\/www.youtube.com\/embed\/fEuUXjDLiWQ?feature=oembed\" frameborder=\"0\" allow=\"accelerometer; autoplay; clipboard-write; encrypted-media; gyroscope; picture-in-picture; web-share\" referrerpolicy=\"strict-origin-when-cross-origin\" allowfullscreen><\/iframe>\n<\/div><\/figure>\n<\/div><\/div>\n<\/div>\n\n\n\n<div class=\"wp-block-column is-layout-flow wp-block-column-is-layout-flow\">\n<p class=\"notranslate has-small-font-size\"><strong>[Intro]<\/strong><br><em>Slik, slik, slik, slik.<\/em><\/p>\n\n\n\n<p class=\"notranslate has-small-font-size\"><strong>[Omkv\u00e6d]<\/strong><br><em>Fastelavn, slik til mig,<br>vi kl\u00e6der os ud og har det sjovt p\u00e5 hver en vej.<br>T\u00f8nden f\u00e5r et slag, og vi griner med,<br>for fastelavn er fest, og alle vil v\u00e6re med.<\/em><\/p>\n\n\n\n<p class=\"notranslate has-small-font-size\"><strong>[Omkv\u00e6d]<\/strong><br><em>Fastelavn, slik til mig,<br>vi kl\u00e6der os ud og har det sjovt p\u00e5 hver en vej.<br>T\u00f8nden f\u00e5r et slag, og vi griner med,<br>for fastelavn er fest, og alle vil v\u00e6re med.<\/em><\/p>\n\n\n\n<p class=\"notranslate has-small-font-size\"><strong>[vers]<\/strong><br><em>N\u00e5r t\u00f8nden skal sl\u00e5s, s\u00e5 g\u00e5r vi derhen,<br>vi t\u00e6ller h\u00f8jt til tre og svinger k\u00f8llen igen.<br>Et lille hop til siden, og s\u00e5 et drej,<br>s\u00e5 rammer vi t\u00f8nden \u2014 og jubler p\u00e5 vores vej.<\/em><\/p>\n\n\n\n<p class=\"notranslate has-small-font-size\"><strong>[Omkv\u00e6d]<\/strong><br><em>Fastelavn, slik til mig,<br>vi kl\u00e6der os ud og har det sjovt p\u00e5 hver en vej.<br>T\u00f8nden f\u00e5r et slag, og vi griner med,<br>for fastelavn er fest, og alle vil v\u00e6re med.<\/em><\/p>\n\n\n\n<p class=\"notranslate has-small-font-size\"><strong>[Omkv\u00e6d]<\/strong><br><em>Fastelavn, slik til mig,<br>vi kl\u00e6der os ud og har det sjovt p\u00e5 hver en vej.<br>T\u00f8nden f\u00e5r et slag, og vi griner med,<br>for fastelavn er fest, og alle vil v\u00e6re med.<\/em><\/p>\n\n\n\n<p class=\"notranslate has-small-font-size\"><strong>[Outro]<\/strong><br><em>Slik, slik, slik, slik,<br>slik, slik, slik, slik.<\/em><\/p>\n<\/div>\n<\/div>\n\n\n\n<hr class=\"wp-block-separator has-alpha-channel-opacity is-style-wide\"\/>\n\n\n\n<div class=\"wp-block-buttons is-content-justification-center is-layout-flex wp-container-core-buttons-is-layout-16018d1d wp-block-buttons-is-layout-flex\">\n<div class=\"wp-block-button\"><a class=\"wp-block-button__link wp-element-button\" href=\"https:\/\/vibz.dk\/gkc\/musikken-2-0\/\">Musiken<\/a><\/div>\n\n\n\n<div class=\"wp-block-button\"><a class=\"wp-block-button__link wp-element-button\" href=\"https:\/\/vibz.dk\/gkc\/\">Hjem<\/a><\/div>\n<\/div>\n\n\n\n<hr class=\"wp-block-separator has-alpha-channel-opacity is-style-wide\"\/>\n\n\n\n<p><\/p>\n","protected":false},"excerpt":{"rendered":"<p>Slik, Slik, Slik. \u201cSlik, Slik, Slik\u201d er en glad og energisk fastelavnssang for b\u00f8rn. Sangen handler om sp\u00e6ndingen ved t\u00f8ndeslagning, f\u00e6llesskab og den festlige stemning [&#8230;]<\/p>\n","protected":false},"author":1,"featured_media":0,"parent":0,"menu_order":0,"comment_status":"closed","ping_status":"closed","template":"templates\/template-no-title.php","meta":{"footnotes":"","_links_to":"","_links_to_target":""},"class_list":["post-560","page","type-page","status-publish","hentry"],"yoast_head":"<!-- This site is optimized with the Yoast SEO plugin v27.4 - https:\/\/yoast.com\/product\/yoast-seo-wordpress\/ -->\n<title>Slik Slik Slik - The G-Kids Collective<\/title>\n<meta name=\"description\" content=\"En glad og energisk fastelavnssang for b\u00f8rn. Perfekt til t\u00f8ndmusik i institutioner og hjemme. Lyt med og skab feststemning.\u201deslagning, fastelavnsfest og\" \/>\n<meta name=\"robots\" content=\"index, follow, max-snippet:-1, max-image-preview:large, max-video-preview:-1\" \/>\n<link rel=\"canonical\" href=\"https:\/\/vibz.dk\/gkc\/slik-slik-slik\/\" \/>\n<meta property=\"og:locale\" content=\"da_DK\" \/>\n<meta property=\"og:type\" content=\"article\" \/>\n<meta property=\"og:title\" content=\"Slik Slik Slik - The G-Kids Collective\" \/>\n<meta property=\"og:description\" content=\"En glad og energisk fastelavnssang for b\u00f8rn. Perfekt til t\u00f8ndmusik i institutioner og hjemme. Lyt med og skab feststemning.\u201deslagning, fastelavnsfest og\" \/>\n<meta property=\"og:url\" content=\"https:\/\/vibz.dk\/gkc\/slik-slik-slik\/\" \/>\n<meta property=\"og:site_name\" content=\"The G-Kids Collective\" \/>\n<meta property=\"article:modified_time\" content=\"2026-03-21T17:45:48+00:00\" \/>\n<meta property=\"og:image\" content=\"https:\/\/jensgreiersen.direct.quickconnect.to\/wordpress\/wp-content\/uploads\/2026\/02\/Slik_slik_slik-coverbillede.jpg\" \/>\n<meta name=\"twitter:card\" content=\"summary_large_image\" \/>\n<meta name=\"twitter:label1\" content=\"Estimeret l\u00e6setid\" \/>\n\t<meta name=\"twitter:data1\" content=\"2 minutter\" \/>\n<script type=\"application\/ld+json\" class=\"yoast-schema-graph\">{\"@context\":\"https:\\\/\\\/schema.org\",\"@graph\":[{\"@type\":\"WebPage\",\"@id\":\"https:\\\/\\\/vibz.dk\\\/gkc\\\/slik-slik-slik\\\/\",\"url\":\"https:\\\/\\\/vibz.dk\\\/gkc\\\/slik-slik-slik\\\/\",\"name\":\"Slik Slik Slik - The G-Kids Collective\",\"isPartOf\":{\"@id\":\"https:\\\/\\\/vibz.dk\\\/gkc\\\/#website\"},\"primaryImageOfPage\":{\"@id\":\"https:\\\/\\\/vibz.dk\\\/gkc\\\/slik-slik-slik\\\/#primaryimage\"},\"image\":{\"@id\":\"https:\\\/\\\/vibz.dk\\\/gkc\\\/slik-slik-slik\\\/#primaryimage\"},\"thumbnailUrl\":\"https:\\\/\\\/jensgreiersen.direct.quickconnect.to\\\/wordpress\\\/wp-content\\\/uploads\\\/2026\\\/02\\\/Slik_slik_slik-coverbillede.jpg\",\"datePublished\":\"2026-02-12T15:08:21+00:00\",\"dateModified\":\"2026-03-21T17:45:48+00:00\",\"description\":\"En glad og energisk fastelavnssang for b\u00f8rn. Perfekt til t\u00f8ndmusik i institutioner og hjemme. Lyt med og skab feststemning.\u201deslagning, fastelavnsfest og\",\"breadcrumb\":{\"@id\":\"https:\\\/\\\/vibz.dk\\\/gkc\\\/slik-slik-slik\\\/#breadcrumb\"},\"inLanguage\":\"da-DK\",\"potentialAction\":[{\"@type\":\"ReadAction\",\"target\":[\"https:\\\/\\\/vibz.dk\\\/gkc\\\/slik-slik-slik\\\/\"]}]},{\"@type\":\"ImageObject\",\"inLanguage\":\"da-DK\",\"@id\":\"https:\\\/\\\/vibz.dk\\\/gkc\\\/slik-slik-slik\\\/#primaryimage\",\"url\":\"https:\\\/\\\/jensgreiersen.direct.quickconnect.to\\\/wordpress\\\/wp-content\\\/uploads\\\/2026\\\/02\\\/Slik_slik_slik-coverbillede.jpg\",\"contentUrl\":\"https:\\\/\\\/jensgreiersen.direct.quickconnect.to\\\/wordpress\\\/wp-content\\\/uploads\\\/2026\\\/02\\\/Slik_slik_slik-coverbillede.jpg\"},{\"@type\":\"BreadcrumbList\",\"@id\":\"https:\\\/\\\/vibz.dk\\\/gkc\\\/slik-slik-slik\\\/#breadcrumb\",\"itemListElement\":[{\"@type\":\"ListItem\",\"position\":1,\"name\":\"Hjem\",\"item\":\"https:\\\/\\\/vibz.dk\\\/gkc\\\/\"},{\"@type\":\"ListItem\",\"position\":2,\"name\":\"Slik Slik Slik\"}]},{\"@type\":\"WebSite\",\"@id\":\"https:\\\/\\\/vibz.dk\\\/gkc\\\/#website\",\"url\":\"https:\\\/\\\/vibz.dk\\\/gkc\\\/\",\"name\":\"The G-Kids Collective\",\"description\":\"The G-Kids Collective\",\"publisher\":{\"@id\":\"https:\\\/\\\/vibz.dk\\\/gkc\\\/#organization\"},\"potentialAction\":[{\"@type\":\"SearchAction\",\"target\":{\"@type\":\"EntryPoint\",\"urlTemplate\":\"https:\\\/\\\/vibz.dk\\\/gkc\\\/?s={search_term_string}\"},\"query-input\":{\"@type\":\"PropertyValueSpecification\",\"valueRequired\":true,\"valueName\":\"search_term_string\"}}],\"inLanguage\":\"da-DK\"},{\"@type\":\"Organization\",\"@id\":\"https:\\\/\\\/vibz.dk\\\/gkc\\\/#organization\",\"name\":\"The G-Kids Collective\",\"url\":\"https:\\\/\\\/vibz.dk\\\/gkc\\\/\",\"logo\":{\"@type\":\"ImageObject\",\"inLanguage\":\"da-DK\",\"@id\":\"https:\\\/\\\/vibz.dk\\\/gkc\\\/#\\\/schema\\\/logo\\\/image\\\/\",\"url\":\"https:\\\/\\\/vibz.dk\\\/gkc\\\/wp-content\\\/uploads\\\/2025\\\/12\\\/cropped-banner-GKC.jpg\",\"contentUrl\":\"https:\\\/\\\/vibz.dk\\\/gkc\\\/wp-content\\\/uploads\\\/2025\\\/12\\\/cropped-banner-GKC.jpg\",\"width\":1092,\"height\":255,\"caption\":\"The G-Kids Collective\"},\"image\":{\"@id\":\"https:\\\/\\\/vibz.dk\\\/gkc\\\/#\\\/schema\\\/logo\\\/image\\\/\"}}]}<\/script>\n<!-- \/ Yoast SEO plugin. -->","yoast_head_json":{"title":"Slik Slik Slik - The G-Kids Collective","description":"En glad og energisk fastelavnssang for b\u00f8rn. Perfekt til t\u00f8ndmusik i institutioner og hjemme. Lyt med og skab feststemning.\u201deslagning, fastelavnsfest og","robots":{"index":"index","follow":"follow","max-snippet":"max-snippet:-1","max-image-preview":"max-image-preview:large","max-video-preview":"max-video-preview:-1"},"canonical":"https:\/\/vibz.dk\/gkc\/slik-slik-slik\/","og_locale":"da_DK","og_type":"article","og_title":"Slik Slik Slik - The G-Kids Collective","og_description":"En glad og energisk fastelavnssang for b\u00f8rn. Perfekt til t\u00f8ndmusik i institutioner og hjemme. Lyt med og skab feststemning.\u201deslagning, fastelavnsfest og","og_url":"https:\/\/vibz.dk\/gkc\/slik-slik-slik\/","og_site_name":"The G-Kids Collective","article_modified_time":"2026-03-21T17:45:48+00:00","og_image":[{"url":"https:\/\/jensgreiersen.direct.quickconnect.to\/wordpress\/wp-content\/uploads\/2026\/02\/Slik_slik_slik-coverbillede.jpg","type":"","width":"","height":""}],"twitter_card":"summary_large_image","twitter_misc":{"Estimeret l\u00e6setid":"2 minutter"},"schema":{"@context":"https:\/\/schema.org","@graph":[{"@type":"WebPage","@id":"https:\/\/vibz.dk\/gkc\/slik-slik-slik\/","url":"https:\/\/vibz.dk\/gkc\/slik-slik-slik\/","name":"Slik Slik Slik - The G-Kids Collective","isPartOf":{"@id":"https:\/\/vibz.dk\/gkc\/#website"},"primaryImageOfPage":{"@id":"https:\/\/vibz.dk\/gkc\/slik-slik-slik\/#primaryimage"},"image":{"@id":"https:\/\/vibz.dk\/gkc\/slik-slik-slik\/#primaryimage"},"thumbnailUrl":"https:\/\/jensgreiersen.direct.quickconnect.to\/wordpress\/wp-content\/uploads\/2026\/02\/Slik_slik_slik-coverbillede.jpg","datePublished":"2026-02-12T15:08:21+00:00","dateModified":"2026-03-21T17:45:48+00:00","description":"En glad og energisk fastelavnssang for b\u00f8rn. Perfekt til t\u00f8ndmusik i institutioner og hjemme. Lyt med og skab feststemning.\u201deslagning, fastelavnsfest og","breadcrumb":{"@id":"https:\/\/vibz.dk\/gkc\/slik-slik-slik\/#breadcrumb"},"inLanguage":"da-DK","potentialAction":[{"@type":"ReadAction","target":["https:\/\/vibz.dk\/gkc\/slik-slik-slik\/"]}]},{"@type":"ImageObject","inLanguage":"da-DK","@id":"https:\/\/vibz.dk\/gkc\/slik-slik-slik\/#primaryimage","url":"https:\/\/jensgreiersen.direct.quickconnect.to\/wordpress\/wp-content\/uploads\/2026\/02\/Slik_slik_slik-coverbillede.jpg","contentUrl":"https:\/\/jensgreiersen.direct.quickconnect.to\/wordpress\/wp-content\/uploads\/2026\/02\/Slik_slik_slik-coverbillede.jpg"},{"@type":"BreadcrumbList","@id":"https:\/\/vibz.dk\/gkc\/slik-slik-slik\/#breadcrumb","itemListElement":[{"@type":"ListItem","position":1,"name":"Hjem","item":"https:\/\/vibz.dk\/gkc\/"},{"@type":"ListItem","position":2,"name":"Slik Slik Slik"}]},{"@type":"WebSite","@id":"https:\/\/vibz.dk\/gkc\/#website","url":"https:\/\/vibz.dk\/gkc\/","name":"The G-Kids Collective","description":"The G-Kids Collective","publisher":{"@id":"https:\/\/vibz.dk\/gkc\/#organization"},"potentialAction":[{"@type":"SearchAction","target":{"@type":"EntryPoint","urlTemplate":"https:\/\/vibz.dk\/gkc\/?s={search_term_string}"},"query-input":{"@type":"PropertyValueSpecification","valueRequired":true,"valueName":"search_term_string"}}],"inLanguage":"da-DK"},{"@type":"Organization","@id":"https:\/\/vibz.dk\/gkc\/#organization","name":"The G-Kids Collective","url":"https:\/\/vibz.dk\/gkc\/","logo":{"@type":"ImageObject","inLanguage":"da-DK","@id":"https:\/\/vibz.dk\/gkc\/#\/schema\/logo\/image\/","url":"https:\/\/vibz.dk\/gkc\/wp-content\/uploads\/2025\/12\/cropped-banner-GKC.jpg","contentUrl":"https:\/\/vibz.dk\/gkc\/wp-content\/uploads\/2025\/12\/cropped-banner-GKC.jpg","width":1092,"height":255,"caption":"The G-Kids Collective"},"image":{"@id":"https:\/\/vibz.dk\/gkc\/#\/schema\/logo\/image\/"}}]}},"_links":{"self":[{"href":"https:\/\/vibz.dk\/gkc\/wp-json\/wp\/v2\/pages\/560","targetHints":{"allow":["GET"]}}],"collection":[{"href":"https:\/\/vibz.dk\/gkc\/wp-json\/wp\/v2\/pages"}],"about":[{"href":"https:\/\/vibz.dk\/gkc\/wp-json\/wp\/v2\/types\/page"}],"author":[{"embeddable":true,"href":"https:\/\/vibz.dk\/gkc\/wp-json\/wp\/v2\/users\/1"}],"replies":[{"embeddable":true,"href":"https:\/\/vibz.dk\/gkc\/wp-json\/wp\/v2\/comments?post=560"}],"version-history":[{"count":5,"href":"https:\/\/vibz.dk\/gkc\/wp-json\/wp\/v2\/pages\/560\/revisions"}],"predecessor-version":[{"id":776,"href":"https:\/\/vibz.dk\/gkc\/wp-json\/wp\/v2\/pages\/560\/revisions\/776"}],"wp:attachment":[{"href":"https:\/\/vibz.dk\/gkc\/wp-json\/wp\/v2\/media?parent=560"}],"curies":[{"name":"wp","href":"https:\/\/api.w.org\/{rel}","templated":true}]}}