{"id":149,"date":"2026-03-20T08:21:10","date_gmt":"2026-03-20T08:21:10","guid":{"rendered":"https:\/\/vibz.dk\/?page_id=149"},"modified":"2026-04-06T09:46:30","modified_gmt":"2026-04-06T09:46:30","slug":"mud-vibz","status":"publish","type":"page","link":"https:\/\/vibz.dk\/index.php\/mud-vibz\/","title":{"rendered":"Mud Vibz"},"content":{"rendered":"\n<h1 class=\"wp-block-heading has-text-align-center\">Mud Vibz<\/h1>\n\n\n\n<div class=\"wp-block-columns is-layout-flex wp-container-core-columns-is-layout-9d6595d7 wp-block-columns-is-layout-flex\">\n<div class=\"wp-block-column is-layout-flow wp-block-column-is-layout-flow\" style=\"flex-basis:66.66%\">\n<p><strong>Mud Vibz is the creative driving force behind the entire VIBZ universe.<\/strong> <\/p>\n\n\n\n<p>Under this name, ideas are shaped, developed, and transformed into the music projects and releases found on <a href=\"https:\/\/vibz.dk\/\" type=\"link\" id=\"https:\/\/vibz.dk\/\" target=\"_blank\" rel=\"noreferrer noopener\">VIBZ.dk<\/a>. <\/p>\n\n\n\n<p>Mud Vibz acts as the central role across all projects \u2014 the core of the overall sound, vision, and direction.<\/p>\n<\/div>\n\n\n\n<div class=\"wp-block-column is-layout-flow wp-block-column-is-layout-flow\" style=\"flex-basis:33.33%\">\n<figure class=\"wp-block-image size-full\"><img loading=\"lazy\" decoding=\"async\" width=\"1024\" height=\"1024\" src=\"https:\/\/vibz.dk\/wp-content\/uploads\/2026\/03\/MudVibz-profil-ubg.png\" alt=\"\" class=\"wp-image-154\" srcset=\"https:\/\/vibz.dk\/wp-content\/uploads\/2026\/03\/MudVibz-profil-ubg.png 1024w, https:\/\/vibz.dk\/wp-content\/uploads\/2026\/03\/MudVibz-profil-ubg-300x300.png 300w, https:\/\/vibz.dk\/wp-content\/uploads\/2026\/03\/MudVibz-profil-ubg-150x150.png 150w, https:\/\/vibz.dk\/wp-content\/uploads\/2026\/03\/MudVibz-profil-ubg-768x768.png 768w, https:\/\/vibz.dk\/wp-content\/uploads\/2026\/03\/MudVibz-profil-ubg-400x400.png 400w, https:\/\/vibz.dk\/wp-content\/uploads\/2026\/03\/MudVibz-profil-ubg-250x250.png 250w\" sizes=\"auto, (max-width: 1024px) 100vw, 1024px\" \/><\/figure>\n<\/div>\n<\/div>\n\n\n<div class=\"wp-block-image\">\n<figure class=\"aligncenter size-large\"><img decoding=\"async\" src=\"https:\/\/jensgreiersen.direct.quickconnect.to\/wordpress\/wp-content\/uploads\/2026\/04\/Mud-Vibz-Logo.png\" alt=\"\"\/><\/figure>\n<\/div>\n\n\n<hr class=\"wp-block-separator has-text-color has-alpha-channel-opacity has-background is-style-wide\" style=\"background-color:#00ffe0;color:#00ffe0\"\/>\n\n\n\n<p><a href=\"https:\/\/vibz.dk\/\" type=\"link\" id=\"https:\/\/vibz.dk\/\" target=\"_blank\" rel=\"noreferrer noopener\">VIBZ.dk<\/a> serves as the unifying platform \u2014 a kind of independent label \u2014 connecting the projects and making it possible to release music across genres and artistic expressions.<\/p>\n\n\n\n<h4 class=\"wp-block-heading\">\ud83c\udfb5 <a href=\"https:\/\/vibz.dk\/gkc\/\" type=\"link\" id=\"https:\/\/vibz.dk\/gkc\/\" target=\"_blank\" rel=\"noreferrer noopener\">The G\u2011Kids Collective<\/a><\/h4>\n\n\n\n<p>A collective project focused on energetic, playful, and experimental productions.<\/p>\n\n\n\n<h4 class=\"wp-block-heading\">\ud83c\udfb5 <a href=\"https:\/\/vibz.dk\/mmr\/\" type=\"link\" id=\"https:\/\/vibz.dk\/mmr\/\" target=\"_blank\" rel=\"noreferrer noopener\">Mud Music Reject<\/a><\/h4>\n\n\n\n<p>A project exploring a darker, rawer, and more abrasive sonic universe.<\/p>\n\n\n\n<h4 class=\"wp-block-heading\">\ud83c\udfb5 <a href=\"https:\/\/greiersen.dk\/sss\/\" type=\"link\" id=\"https:\/\/greiersen.dk\/sss\/\" target=\"_blank\" rel=\"noreferrer noopener\">Selskabet for Syede Sange<\/a><\/h4>\n\n\n\n<p>Et projekt med fokus p\u00e5 fort\u00e6llende, h\u00e5ndsyede og konceptuelle musikstykker.<br>(A project dedicated to storytelling, handcrafted compositions, and conceptual musical pieces.)<\/p>\n\n\n\n<p><strong>Mud Vibz is the creative core behind all projects \u2014 without placing focus on the person behind the name.<\/strong> <br>It\u2019s about the music, the ideas, and the universe \u2014 not the identity.<\/p>\n","protected":false},"excerpt":{"rendered":"<p>Mud Vibz Mud Vibz is the creative driving force behind the entire VIBZ universe. Under this name, ideas are shaped, developed, and transformed into the [&#8230;]<\/p>\n","protected":false},"author":1,"featured_media":0,"parent":0,"menu_order":0,"comment_status":"closed","ping_status":"closed","template":"templates\/template-no-title.php","meta":{"footnotes":""},"class_list":["post-149","page","type-page","status-publish","hentry"],"yoast_head":"<!-- This site is optimized with the Yoast SEO plugin v27.1.1 - https:\/\/yoast.com\/product\/yoast-seo-wordpress\/ -->\n<title>Mud Vibz - VIBZ.DK<\/title>\n<meta name=\"description\" content=\"Mud Vibz er den kreative drivkraft bag VIBZ.dk og st\u00e5r bag musikprojekterne The G\u2011Kids Collective, Mud Music Reject og Selskabet for Syede Sange.\" \/>\n<meta name=\"robots\" content=\"index, follow, max-snippet:-1, max-image-preview:large, max-video-preview:-1\" \/>\n<link rel=\"canonical\" href=\"https:\/\/vibz.dk\/index.php\/mud-vibz\/\" \/>\n<meta property=\"og:locale\" content=\"da_DK\" \/>\n<meta property=\"og:type\" content=\"article\" \/>\n<meta property=\"og:title\" content=\"Mud Vibz - VIBZ.DK\" \/>\n<meta property=\"og:description\" content=\"Mud Vibz er den kreative drivkraft bag VIBZ.dk og st\u00e5r bag musikprojekterne The G\u2011Kids Collective, Mud Music Reject og Selskabet for Syede Sange.\" \/>\n<meta property=\"og:url\" content=\"https:\/\/vibz.dk\/index.php\/mud-vibz\/\" \/>\n<meta property=\"og:site_name\" content=\"VIBZ.DK\" \/>\n<meta property=\"article:modified_time\" content=\"2026-04-06T09:46:30+00:00\" \/>\n<meta property=\"og:image\" content=\"https:\/\/vibz.dk\/wp-content\/uploads\/2026\/03\/MudVibz-profil-ubg.png\" \/>\n\t<meta property=\"og:image:width\" content=\"1024\" \/>\n\t<meta property=\"og:image:height\" content=\"1024\" \/>\n\t<meta property=\"og:image:type\" content=\"image\/png\" \/>\n<meta name=\"twitter:card\" content=\"summary_large_image\" \/>\n<meta name=\"twitter:label1\" content=\"Estimeret l\u00e6setid\" \/>\n\t<meta name=\"twitter:data1\" content=\"2 minutter\" \/>\n<script type=\"application\/ld+json\" class=\"yoast-schema-graph\">{\"@context\":\"https:\/\/schema.org\",\"@graph\":[{\"@type\":\"WebPage\",\"@id\":\"https:\/\/vibz.dk\/index.php\/mud-vibz\/\",\"url\":\"https:\/\/vibz.dk\/index.php\/mud-vibz\/\",\"name\":\"Mud Vibz - VIBZ.DK\",\"isPartOf\":{\"@id\":\"https:\/\/vibz.dk\/#website\"},\"primaryImageOfPage\":{\"@id\":\"https:\/\/vibz.dk\/index.php\/mud-vibz\/#primaryimage\"},\"image\":{\"@id\":\"https:\/\/vibz.dk\/index.php\/mud-vibz\/#primaryimage\"},\"thumbnailUrl\":\"https:\/\/vibz.dk\/wp-content\/uploads\/2026\/03\/MudVibz-profil-ubg.png\",\"datePublished\":\"2026-03-20T08:21:10+00:00\",\"dateModified\":\"2026-04-06T09:46:30+00:00\",\"description\":\"Mud Vibz er den kreative drivkraft bag VIBZ.dk og st\u00e5r bag musikprojekterne The G\u2011Kids Collective, Mud Music Reject og Selskabet for Syede Sange.\",\"breadcrumb\":{\"@id\":\"https:\/\/vibz.dk\/index.php\/mud-vibz\/#breadcrumb\"},\"inLanguage\":\"da-DK\",\"potentialAction\":[{\"@type\":\"ReadAction\",\"target\":[\"https:\/\/vibz.dk\/index.php\/mud-vibz\/\"]}]},{\"@type\":\"ImageObject\",\"inLanguage\":\"da-DK\",\"@id\":\"https:\/\/vibz.dk\/index.php\/mud-vibz\/#primaryimage\",\"url\":\"https:\/\/vibz.dk\/wp-content\/uploads\/2026\/03\/MudVibz-profil-ubg.png\",\"contentUrl\":\"https:\/\/vibz.dk\/wp-content\/uploads\/2026\/03\/MudVibz-profil-ubg.png\",\"width\":1024,\"height\":1024},{\"@type\":\"BreadcrumbList\",\"@id\":\"https:\/\/vibz.dk\/index.php\/mud-vibz\/#breadcrumb\",\"itemListElement\":[{\"@type\":\"ListItem\",\"position\":1,\"name\":\"Hjem\",\"item\":\"https:\/\/vibz.dk\/\"},{\"@type\":\"ListItem\",\"position\":2,\"name\":\"Mud Vibz\"}]},{\"@type\":\"WebSite\",\"@id\":\"https:\/\/vibz.dk\/#website\",\"url\":\"https:\/\/vibz.dk\/\",\"name\":\"VIBZ.DK\",\"description\":\"Exploring music, art, and creativity in all forms \u2013 with room for whatever comes next\",\"potentialAction\":[{\"@type\":\"SearchAction\",\"target\":{\"@type\":\"EntryPoint\",\"urlTemplate\":\"https:\/\/vibz.dk\/?s={search_term_string}\"},\"query-input\":{\"@type\":\"PropertyValueSpecification\",\"valueRequired\":true,\"valueName\":\"search_term_string\"}}],\"inLanguage\":\"da-DK\"}]}<\/script>\n<!-- \/ Yoast SEO plugin. -->","yoast_head_json":{"title":"Mud Vibz - VIBZ.DK","description":"Mud Vibz er den kreative drivkraft bag VIBZ.dk og st\u00e5r bag musikprojekterne The G\u2011Kids Collective, Mud Music Reject og Selskabet for Syede Sange.","robots":{"index":"index","follow":"follow","max-snippet":"max-snippet:-1","max-image-preview":"max-image-preview:large","max-video-preview":"max-video-preview:-1"},"canonical":"https:\/\/vibz.dk\/index.php\/mud-vibz\/","og_locale":"da_DK","og_type":"article","og_title":"Mud Vibz - VIBZ.DK","og_description":"Mud Vibz er den kreative drivkraft bag VIBZ.dk og st\u00e5r bag musikprojekterne The G\u2011Kids Collective, Mud Music Reject og Selskabet for Syede Sange.","og_url":"https:\/\/vibz.dk\/index.php\/mud-vibz\/","og_site_name":"VIBZ.DK","article_modified_time":"2026-04-06T09:46:30+00:00","og_image":[{"width":1024,"height":1024,"url":"https:\/\/vibz.dk\/wp-content\/uploads\/2026\/03\/MudVibz-profil-ubg.png","type":"image\/png"}],"twitter_card":"summary_large_image","twitter_misc":{"Estimeret l\u00e6setid":"2 minutter"},"schema":{"@context":"https:\/\/schema.org","@graph":[{"@type":"WebPage","@id":"https:\/\/vibz.dk\/index.php\/mud-vibz\/","url":"https:\/\/vibz.dk\/index.php\/mud-vibz\/","name":"Mud Vibz - VIBZ.DK","isPartOf":{"@id":"https:\/\/vibz.dk\/#website"},"primaryImageOfPage":{"@id":"https:\/\/vibz.dk\/index.php\/mud-vibz\/#primaryimage"},"image":{"@id":"https:\/\/vibz.dk\/index.php\/mud-vibz\/#primaryimage"},"thumbnailUrl":"https:\/\/vibz.dk\/wp-content\/uploads\/2026\/03\/MudVibz-profil-ubg.png","datePublished":"2026-03-20T08:21:10+00:00","dateModified":"2026-04-06T09:46:30+00:00","description":"Mud Vibz er den kreative drivkraft bag VIBZ.dk og st\u00e5r bag musikprojekterne The G\u2011Kids Collective, Mud Music Reject og Selskabet for Syede Sange.","breadcrumb":{"@id":"https:\/\/vibz.dk\/index.php\/mud-vibz\/#breadcrumb"},"inLanguage":"da-DK","potentialAction":[{"@type":"ReadAction","target":["https:\/\/vibz.dk\/index.php\/mud-vibz\/"]}]},{"@type":"ImageObject","inLanguage":"da-DK","@id":"https:\/\/vibz.dk\/index.php\/mud-vibz\/#primaryimage","url":"https:\/\/vibz.dk\/wp-content\/uploads\/2026\/03\/MudVibz-profil-ubg.png","contentUrl":"https:\/\/vibz.dk\/wp-content\/uploads\/2026\/03\/MudVibz-profil-ubg.png","width":1024,"height":1024},{"@type":"BreadcrumbList","@id":"https:\/\/vibz.dk\/index.php\/mud-vibz\/#breadcrumb","itemListElement":[{"@type":"ListItem","position":1,"name":"Hjem","item":"https:\/\/vibz.dk\/"},{"@type":"ListItem","position":2,"name":"Mud Vibz"}]},{"@type":"WebSite","@id":"https:\/\/vibz.dk\/#website","url":"https:\/\/vibz.dk\/","name":"VIBZ.DK","description":"Exploring music, art, and creativity in all forms \u2013 with room for whatever comes next","potentialAction":[{"@type":"SearchAction","target":{"@type":"EntryPoint","urlTemplate":"https:\/\/vibz.dk\/?s={search_term_string}"},"query-input":{"@type":"PropertyValueSpecification","valueRequired":true,"valueName":"search_term_string"}}],"inLanguage":"da-DK"}]}},"_links":{"self":[{"href":"https:\/\/vibz.dk\/index.php\/wp-json\/wp\/v2\/pages\/149","targetHints":{"allow":["GET"]}}],"collection":[{"href":"https:\/\/vibz.dk\/index.php\/wp-json\/wp\/v2\/pages"}],"about":[{"href":"https:\/\/vibz.dk\/index.php\/wp-json\/wp\/v2\/types\/page"}],"author":[{"embeddable":true,"href":"https:\/\/vibz.dk\/index.php\/wp-json\/wp\/v2\/users\/1"}],"replies":[{"embeddable":true,"href":"https:\/\/vibz.dk\/index.php\/wp-json\/wp\/v2\/comments?post=149"}],"version-history":[{"count":10,"href":"https:\/\/vibz.dk\/index.php\/wp-json\/wp\/v2\/pages\/149\/revisions"}],"predecessor-version":[{"id":188,"href":"https:\/\/vibz.dk\/index.php\/wp-json\/wp\/v2\/pages\/149\/revisions\/188"}],"wp:attachment":[{"href":"https:\/\/vibz.dk\/index.php\/wp-json\/wp\/v2\/media?parent=149"}],"curies":[{"name":"wp","href":"https:\/\/api.w.org\/{rel}","templated":true}]}}